CRAN Package Check Results for Package bfp

Last updated on 2023-06-02 18:52:39 CEST.

Flavor Version Tinstall Tcheck Ttotal Status Flags
r-devel-linux-x86_64-debian-clang 0.0-46 51.54 87.89 139.43 NOTE
r-devel-linux-x86_64-debian-gcc 0.0-46 41.86 58.42 100.28 NOTE
r-devel-linux-x86_64-fedora-clang 0.0-46 206.90 NOTE
r-devel-linux-x86_64-fedora-gcc 0.0-46 196.33 NOTE
r-devel-windows-x86_64 0.0-46 47.00 114.00 161.00 NOTE
r-patched-linux-x86_64 0.0-46 NOTE
r-release-linux-x86_64 0.0-46 47.14 82.86 130.00 NOTE
r-release-macos-arm64 0.0-46 59.00 NOTE
r-release-macos-x86_64 0.0-46 93.00 NOTE
r-release-windows-x86_64 0.0-46 48.00 133.00 181.00 NOTE
r-oldrel-macos-arm64 0.0-46 57.00 OK
r-oldrel-macos-x86_64 0.0-46 71.00 OK
r-oldrel-windows-x86_64 0.0-46 60.00 120.00 180.00 OK

Check Details

Version: 0.0-46
Check: package dependencies
Result: NOTE
    Package suggested but not available for checking: ‘SoDA’
Flavors: r-devel-linux-x86_64-debian-clang, r-devel-linux-x86_64-debian-gcc, r-devel-linux-x86_64-fedora-clang, r-devel-linux-x86_64-fedora-gcc, r-devel-windows-x86_64, r-patched-linux-x86_64, r-release-linux-x86_64, r-release-macos-arm64, r-release-macos-x86_64

Version: 0.0-46
Check: C++ specification
Result: NOTE
     Specified C++11: please drop specification unless essential
Flavors: r-devel-linux-x86_64-debian-clang, r-devel-linux-x86_64-debian-gcc, r-devel-linux-x86_64-fedora-clang, r-devel-linux-x86_64-fedora-gcc, r-devel-windows-x86_64, r-patched-linux-x86_64, r-release-linux-x86_64, r-release-macos-arm64, r-release-macos-x86_64, r-release-windows-x86_64