Last updated on 2024-03-28 23:55:01 CET.
Flavor | Version | Tinstall | Tcheck | Ttotal | Status | Flags |
---|---|---|---|---|---|---|
r-devel-linux-x86_64-debian-clang | 1.99.3 | 10.17 | 108.09 | 118.26 | OK | |
r-devel-linux-x86_64-debian-gcc | 1.99.3 | 9.73 | 83.61 | 93.34 | OK | |
r-devel-linux-x86_64-fedora-clang | 1.99.3 | 163.76 | NOTE | |||
r-devel-linux-x86_64-fedora-gcc | 1.99.3 | 169.19 | NOTE | |||
r-devel-windows-x86_64 | 1.99.3 | 10.00 | 88.00 | 98.00 | OK | |
r-patched-linux-x86_64 | 1.99.3 | 13.70 | 104.22 | 117.92 | OK | |
r-release-linux-x86_64 | 1.99.3 | 10.75 | 120.25 | 131.00 | OK | |
r-release-macos-arm64 | 1.99.3 | 52.00 | OK | |||
r-release-macos-x86_64 | 1.99.3 | 120.00 | OK | |||
r-release-windows-x86_64 | 1.99.3 | 13.00 | 109.00 | 122.00 | OK | |
r-oldrel-macos-arm64 | 1.99.3 | 46.00 | OK | |||
r-oldrel-windows-x86_64 | 1.99.3 | 15.00 | 116.00 | 131.00 | OK |
Version: 1.99.3
Check: data for non-ASCII characters
Result: NOTE
Note: found 379 marked UTF-8 strings
Flavors: r-devel-linux-x86_64-fedora-clang, r-devel-linux-x86_64-fedora-gcc