Last updated on 2023-12-07 20:48:31 CET.
Flavor | Version | Tinstall | Tcheck | Ttotal | Status | Flags |
---|---|---|---|---|---|---|
r-devel-linux-x86_64-debian-clang | 1.8.5 | 5.00 | 51.34 | 56.34 | NOTE | |
r-devel-linux-x86_64-debian-gcc | 1.8.5 | 4.30 | 38.35 | 42.65 | NOTE | |
r-devel-linux-x86_64-fedora-clang | 1.8.5 | 77.30 | NOTE | |||
r-devel-linux-x86_64-fedora-gcc | 1.8.5 | 67.43 | NOTE | |||
r-devel-windows-x86_64 | 1.8.5 | 6.00 | 59.00 | 65.00 | NOTE | |
r-patched-linux-x86_64 | 1.8.5 | 5.28 | 50.81 | 56.09 | NOTE | |
r-release-linux-x86_64 | 1.8.5 | 3.79 | 50.39 | 54.18 | NOTE | |
r-release-macos-arm64 | 1.8.5 | 23.00 | NOTE | |||
r-release-macos-x86_64 | 1.8.5 | 36.00 | NOTE | |||
r-release-windows-x86_64 | 1.8.5 | 7.00 | 68.00 | 75.00 | NOTE | |
r-oldrel-macos-arm64 | 1.8.5 | 25.00 | OK | |||
r-oldrel-macos-x86_64 | 1.8.5 | 41.00 | OK | |||
r-oldrel-windows-x86_64 | 1.8.5 | 8.00 | 72.00 | 80.00 | OK |
Version: 1.8.5
Check: Rd files
Result: NOTE
checkRd: (-1) bgmm-package.Rd:23: Escaped LaTeX specials: \&
Flavors: r-devel-linux-x86_64-debian-clang, r-devel-linux-x86_64-debian-gcc, r-devel-linux-x86_64-fedora-clang, r-devel-linux-x86_64-fedora-gcc, r-devel-windows-x86_64, r-patched-linux-x86_64, r-release-linux-x86_64, r-release-macos-arm64, r-release-macos-x86_64, r-release-windows-x86_64