CRAN Package Check Results for Package bib2df

Last updated on 2021-10-16 13:03:49 CEST.

Flavor Version Tinstall Tcheck Ttotal Status Flags
r-devel-linux-x86_64-debian-clang 1.1.1 4.70 53.51 58.21 NOTE
r-devel-linux-x86_64-debian-gcc 1.1.1 3.70 39.77 43.47 NOTE
r-devel-linux-x86_64-fedora-clang 1.1.1 78.03 NOTE
r-devel-linux-x86_64-fedora-gcc 1.1.1 65.62 NOTE
r-devel-windows-x86_64 1.1.1 10.00 56.00 66.00 NOTE
r-devel-windows-x86_64-gcc10-UCRT 1.1.1 NOTE
r-patched-linux-x86_64 1.1.1 4.96 49.00 53.96 NOTE
r-patched-solaris-x86 1.1.1 105.70 NOTE
r-release-linux-x86_64 1.1.1 4.08 48.52 52.60 NOTE
r-release-macos-arm64 1.1.1 NOTE
r-release-macos-x86_64 1.1.1 NOTE
r-release-windows-ix86+x86_64 1.1.1 13.00 73.00 86.00 NOTE
r-oldrel-macos-x86_64 1.1.1 OK
r-oldrel-windows-ix86+x86_64 1.1.1 14.00 71.00 85.00 OK

Check Details

Version: 1.1.1
Check: LazyData
Result: NOTE
     'LazyData' is specified without a 'data' directory
Flavors: r-devel-linux-x86_64-debian-clang, r-devel-linux-x86_64-debian-gcc, r-devel-linux-x86_64-fedora-clang, r-devel-linux-x86_64-fedora-gcc, r-devel-windows-x86_64, r-devel-windows-x86_64-gcc10-UCRT, r-patched-linux-x86_64, r-patched-solaris-x86, r-release-linux-x86_64, r-release-macos-arm64, r-release-macos-x86_64, r-release-windows-ix86+x86_64