CRAN Package Check Results for Package biclustermd

Last updated on 2021-10-22 00:50:19 CEST.

Flavor Version Tinstall Tcheck Ttotal Status Flags
r-devel-linux-x86_64-debian-clang 0.2.3 8.32 152.48 160.80 OK
r-devel-linux-x86_64-debian-gcc 0.2.3 7.26 110.66 117.92 OK
r-devel-linux-x86_64-fedora-clang 0.2.3 198.17 NOTE
r-devel-linux-x86_64-fedora-gcc 0.2.3 184.03 NOTE
r-devel-windows-x86_64 0.2.3 15.00 204.00 219.00 OK
r-devel-windows-x86_64-gcc10-UCRT 0.2.3 NOTE
r-patched-linux-x86_64 0.2.3 7.19 144.73 151.92 OK
r-patched-solaris-x86 0.2.3 268.40 NOTE
r-release-linux-x86_64 0.2.3 8.36 140.65 149.01 OK
r-release-macos-arm64 0.2.3 NOTE
r-release-macos-x86_64 0.2.3 NOTE
r-release-windows-ix86+x86_64 0.2.3 26.00 195.00 221.00 OK
r-oldrel-macos-x86_64 0.2.3 NOTE
r-oldrel-windows-ix86+x86_64 0.2.3 22.00 188.00 210.00 OK

Check Details

Version: 0.2.3
Check: dependencies in R code
Result: NOTE
    Namespace in Imports field not imported from: ‘nycflights13’
     All declared Imports should be used.
Flavors: r-devel-linux-x86_64-fedora-clang, r-devel-linux-x86_64-fedora-gcc, r-devel-windows-x86_64-gcc10-UCRT, r-patched-solaris-x86, r-release-macos-arm64, r-release-macos-x86_64, r-oldrel-macos-x86_64