Last updated on 2024-03-28 23:55:01 CET.
Flavor | Version | Tinstall | Tcheck | Ttotal | Status | Flags |
---|---|---|---|---|---|---|
r-devel-linux-x86_64-debian-clang | 2.0.2 | 3.45 | 65.41 | 68.86 | OK | |
r-devel-linux-x86_64-debian-gcc | 2.0.2 | 2.76 | 49.70 | 52.46 | OK | |
r-devel-linux-x86_64-fedora-clang | 2.0.2 | 85.17 | OK | |||
r-devel-linux-x86_64-fedora-gcc | 2.0.2 | 98.22 | OK | |||
r-devel-windows-x86_64 | 2.0.2 | 4.00 | 71.00 | 75.00 | ERROR | |
r-patched-linux-x86_64 | 2.0.2 | 3.20 | 65.55 | 68.75 | OK | |
r-release-linux-x86_64 | 2.0.2 | 2.90 | 61.79 | 64.69 | OK | |
r-release-macos-arm64 | 2.0.2 | 60.00 | OK | |||
r-release-macos-x86_64 | 2.0.2 | 98.00 | OK | |||
r-release-windows-x86_64 | 2.0.2 | 5.00 | 87.00 | 92.00 | OK | |
r-oldrel-macos-arm64 | 2.0.2 | 49.00 | OK | |||
r-oldrel-windows-x86_64 | 2.0.2 | 4.00 | 90.00 | 94.00 | OK |
Version: 2.0.2
Check: re-building of vignette outputs
Result: ERROR
Error(s) in re-building vignettes:
--- re-building 'bidask.Rmd' using rmarkdown
Quitting from lines 46-51 [unnamed-chunk-2] (bidask.Rmd)
Error: processing vignette 'bidask.Rmd' failed with diagnostics:
ℹ In argument: `dplyr::across(...)`.
Caused by error in `across()`:
! Can't select columns that don't exist.
✖ Column `first_historical_data` doesn't exist.
--- failed re-building 'bidask.Rmd'
SUMMARY: processing the following file failed:
'bidask.Rmd'
Error: Vignette re-building failed.
Execution halted
Flavor: r-devel-windows-x86_64