Last updated on 2024-04-23 08:57:39 CEST.
Flavor | Version | Tinstall | Tcheck | Ttotal | Status | Flags |
---|---|---|---|---|---|---|
r-devel-linux-x86_64-debian-clang | 0.7.2 | 45.90 | 44.70 | 90.60 | NOTE | |
r-devel-linux-x86_64-debian-gcc | 0.7.2 | 36.12 | 33.34 | 69.46 | NOTE | |
r-devel-linux-x86_64-fedora-clang | 0.7.2 | 131.98 | NOTE | |||
r-devel-linux-x86_64-fedora-gcc | 0.7.2 | 136.28 | NOTE | |||
r-prerel-macos-arm64 | 0.7.2 | 35.00 | NOTE | |||
r-prerel-windows-x86_64 | 0.7.2 | 37.00 | 74.00 | 111.00 | NOTE | |
r-patched-linux-x86_64 | 0.7.2 | 50.20 | 42.18 | 92.38 | NOTE | |
r-release-linux-x86_64 | 0.7.2 | 40.34 | 41.16 | 81.50 | NOTE | |
r-release-macos-arm64 | 0.7.2 | 42.00 | NOTE | |||
r-release-macos-x86_64 | 0.7.2 | 64.00 | NOTE | |||
r-release-windows-x86_64 | 0.7.2 | 46.00 | 83.00 | 129.00 | NOTE | |
r-oldrel-macos-arm64 | 0.7.2 | 33.00 | OK | |||
r-oldrel-windows-x86_64 | 0.7.2 | 45.00 | 80.00 | 125.00 | OK |
Version: 0.7.2
Check: C++ specification
Result: NOTE
Specified C++11: please drop specification unless essential
Flavors: r-devel-linux-x86_64-debian-clang, r-devel-linux-x86_64-debian-gcc, r-devel-linux-x86_64-fedora-clang, r-devel-linux-x86_64-fedora-gcc, r-prerel-macos-arm64, r-prerel-windows-x86_64, r-patched-linux-x86_64, r-release-linux-x86_64, r-release-macos-arm64, r-release-macos-x86_64, r-release-windows-x86_64