Last updated on 2023-12-03 00:56:37 CET.
Flavor | Version | Tinstall | Tcheck | Ttotal | Status | Flags |
---|---|---|---|---|---|---|
r-devel-linux-x86_64-debian-clang | 1.9.1 | 4.52 | 50.72 | 55.24 | NOTE | |
r-devel-linux-x86_64-debian-gcc | 1.9.1 | 3.59 | 37.97 | 41.56 | NOTE | |
r-devel-linux-x86_64-fedora-clang | 1.9.1 | 73.84 | NOTE | |||
r-devel-linux-x86_64-fedora-gcc | 1.9.1 | 65.62 | NOTE | |||
r-devel-windows-x86_64 | 1.9.1 | 5.00 | 66.00 | 71.00 | NOTE | |
r-patched-linux-x86_64 | 1.9.1 | 3.83 | 48.30 | 52.13 | NOTE | |
r-release-linux-x86_64 | 1.9.1 | 4.43 | 47.63 | 52.06 | NOTE | |
r-release-macos-arm64 | 1.9.1 | 27.00 | NOTE | |||
r-release-macos-x86_64 | 1.9.1 | 39.00 | NOTE | |||
r-release-windows-x86_64 | 1.9.1 | 6.00 | 69.00 | 75.00 | NOTE | |
r-oldrel-macos-arm64 | 1.9.1 | 27.00 | OK | |||
r-oldrel-macos-x86_64 | 1.9.1 | 34.00 | NOTE | |||
r-oldrel-windows-x86_64 | 1.9.1 | 7.00 | 70.00 | 77.00 | NOTE |
Version: 1.9.1
Check: package dependencies
Result: NOTE
Package suggested but not available for checking: ‘ffbase’
Flavors: r-devel-linux-x86_64-debian-clang, r-devel-linux-x86_64-debian-gcc, r-devel-linux-x86_64-fedora-clang, r-devel-linux-x86_64-fedora-gcc, r-devel-windows-x86_64, r-patched-linux-x86_64, r-release-linux-x86_64, r-release-macos-arm64, r-release-macos-x86_64, r-release-windows-x86_64, r-oldrel-macos-x86_64, r-oldrel-windows-x86_64