CRAN Package Check Results for Package bigergm

Last updated on 2024-07-18 08:51:04 CEST.

Flavor Version Tinstall Tcheck Ttotal Status Flags
r-devel-linux-x86_64-debian-clang 1.2.1 152.15 435.18 587.33 OK
r-devel-linux-x86_64-debian-gcc 1.2.1 96.00 349.78 445.78 ERROR
r-devel-linux-x86_64-fedora-clang 1.2.1 747.61 OK
r-devel-linux-x86_64-fedora-gcc 1.2.1 739.79 OK
r-devel-windows-x86_64 1.2.1 115.00 324.00 439.00 OK
r-patched-linux-x86_64 1.2.1 115.72 424.94 540.66 OK
r-release-linux-x86_64 1.2.1 78.36 440.43 518.79 OK
r-release-macos-arm64 1.2.1 200.00 NOTE
r-release-macos-x86_64 1.2.1 469.00 NOTE
r-release-windows-x86_64 1.2.1 112.00 323.00 435.00 OK
r-oldrel-macos-arm64 1.2.1 237.00 NOTE
r-oldrel-macos-x86_64 1.2.1 419.00 NOTE
r-oldrel-windows-x86_64 1.2.1 135.00 430.00 565.00 OK

Check Details

Version: 1.2.1
Check: tests
Result: ERROR Running ‘testthat.R’ [191s/322s] Running the tests in ‘tests/testthat.R’ failed. Complete output: > library(testthat) > library(bigergm) Loading required package: ergm Loading required package: network 'network' 1.18.2 (2023-12-04), part of the Statnet Project * 'news(package="network")' for changes since last version * 'citation("network")' for citation information * 'https://statnet.org' for help, support, and other information 'ergm' 4.6.0 (2023-12-17), part of the Statnet Project * 'news(package="ergm")' for changes since last version * 'citation("ergm")' for citation information * 'https://statnet.org' for help, support, and other information 'ergm' 4 is a major update that introduces some backwards-incompatible changes. Please type 'news(package="ergm")' for a list of major changes. Loading required package: Rcpp > > test_check("bigergm") Compute pi for pi_s0v0w0 [1] 1 Compute pi for pi_s1v0w0 [1] 2 Compute pi for pi_s0v1w0 [1] 3 Compute pi for pi_s1v1w0 [1] 4 Compute pi for pi_s0v0w1 [1] 5 Compute pi for pi_s1v0w1 [1] 6 Compute pi for pi_s0v1w1 [1] 7 Compute pi for pi_s1v1w1 [1] 8 Compute pi for pi_s0v0w0 Compute pi for pi_s1v0w0 Compute pi for pi_s0v1w0 Compute pi for pi_s1v1w0 Compute pi for pi_s0v0w1 Compute pi for pi_s1v0w1 Compute pi for pi_s0v1w1 Compute pi for pi_s1v1w1 Compute pi for pi_s0v0w0 Compute pi for pi_s1v0w0 Compute pi for pi_s0v1w0 Compute pi for pi_s1v1w0 Compute pi for pi_s0v0w1 Compute pi for pi_s1v0w1 Compute pi for pi_s0v1w1 Compute pi for pi_s1v1w1 Compute pi for pi_s0v0w0 [1] 1 Compute pi for pi_s1v0w0 [1] 2 Compute pi for pi_s0v1w0 [1] 3 Compute pi for pi_s1v1w0 [1] 4 Compute pi for pi_s0v0w1 [1] 5 Compute pi for pi_s1v0w1 [1] 6 Compute pi for pi_s0v1w1 [1] 7 Compute pi for pi_s1v1w1 [1] 8 Compute pi for pi_s0v0w0 [1] 1 Compute pi for pi_s1v0w0 [1] 2 Compute pi for pi_s0v1w0 [1] 3 Compute pi for pi_s1v1w0 [1] 4 Compute pi for pi_s0v0w1 [1] 5 Compute pi for pi_s1v0w1 [1] 6 Compute pi for pi_s0v1w1 [1] 7 Compute pi for pi_s1v1w1 [1] 8 [ FAIL 2 | WARN 3 | SKIP 3 | PASS 172 ] ══ Skipped tests (3) ═══════════════════════════════════════════════════════════ • On CRAN (3): 'test-EM-checkpoint.R:2:3', 'test-cache.R:49:3', 'test-start-from-given-cluster.R:2:3' ══ Failed tests ════════════════════════════════════════════════════════════════ ── Error ('test-gof.R:368:3'): Return GOF statistics including only within-block connections ── Error in `ergm_Init_abort(e$message)`: In term 'esp' in package 'ergm': NA/NaN argument Backtrace: ▆ 1. ├─ergm::gof(...) at test-gof.R:368:3 2. └─bigergm:::gof.bigergm(...) 3. └─base::mapply(...) 4. └─bigergm (local) `<fn>`(...) 5. └─bigergm:::get_gof_stats(...) 6. └─bigergm:::to_edgewise_shared_partners_df(net, to = to) 7. ├─base::summary(net ~ esp(1:to)) 8. ├─ergm:::summary.formula(net ~ esp(1:to)) 9. │ ├─ergm::summary_formula(object, ...) 10. │ └─ergm:::summary_formula.network(object, ...) 11. │ └─ergm::ergm_model(object, basis, ...) 12. │ └─ergm::call.ErgmTerm(...) 13. │ └─base::eval(termCall, env) 14. │ └─base::eval(termCall, env) 15. └─ergm:::InitErgmTerm.esp(`<network>`, list(1:to), env = `<env>`) 16. └─ergm:::.d_sp_impl("e", nw, arglist, cache.sp, ...) 17. └─ergm::check.ErgmTerm(...) 18. └─ergm::ergm_Init_try(arglist <- as.list(arglist)) 19. └─base::tryCatch(eval(expr, parent.frame(1)), error = function(e) ergm_Init_abort(e$message)) 20. └─base (local) tryCatchList(expr, classes, parentenv, handlers) 21. └─base (local) tryCatchOne(expr, names, parentenv, handlers[[1L]]) 22. └─value[[3L]](cond) 23. └─ergm::ergm_Init_abort(e$message) 24. └─rlang::abort(...) ── Error ('test-gof.R:441:3'): Within-connections GOF can be started from the observed network ── Error in `ergm_Init_abort(e$message)`: In term 'esp' in package 'ergm': NA/NaN argument Backtrace: ▆ 1. ├─ergm::gof(...) at test-gof.R:441:3 2. └─bigergm:::gof.bigergm(...) 3. └─base::mapply(...) 4. └─bigergm (local) `<fn>`(...) 5. └─bigergm:::get_gof_stats(...) 6. └─bigergm:::to_edgewise_shared_partners_df(net, to = to) 7. ├─base::summary(net ~ esp(1:to)) 8. ├─ergm:::summary.formula(net ~ esp(1:to)) 9. │ ├─ergm::summary_formula(object, ...) 10. │ └─ergm:::summary_formula.network(object, ...) 11. │ └─ergm::ergm_model(object, basis, ...) 12. │ └─ergm::call.ErgmTerm(...) 13. │ └─base::eval(termCall, env) 14. │ └─base::eval(termCall, env) 15. └─ergm:::InitErgmTerm.esp(`<network>`, list(1:to), env = `<env>`) 16. └─ergm:::.d_sp_impl("e", nw, arglist, cache.sp, ...) 17. └─ergm::check.ErgmTerm(...) 18. └─ergm::ergm_Init_try(arglist <- as.list(arglist)) 19. └─base::tryCatch(eval(expr, parent.frame(1)), error = function(e) ergm_Init_abort(e$message)) 20. └─base (local) tryCatchList(expr, classes, parentenv, handlers) 21. └─base (local) tryCatchOne(expr, names, parentenv, handlers[[1L]]) 22. └─value[[3L]](cond) 23. └─ergm::ergm_Init_abort(e$message) 24. └─rlang::abort(...) [ FAIL 2 | WARN 3 | SKIP 3 | PASS 172 ] Error: Test failures Execution halted Flavor: r-devel-linux-x86_64-debian-gcc

Version: 1.2.1
Check: installed package size
Result: NOTE installed size is 8.4Mb sub-directories of 1Mb or more: data 1.4Mb libs 6.0Mb Flavors: r-release-macos-arm64, r-release-macos-x86_64, r-oldrel-macos-arm64, r-oldrel-macos-x86_64