Last updated on 2024-03-28 23:55:01 CET.
Flavor | Version | Tinstall | Tcheck | Ttotal | Status | Flags |
---|---|---|---|---|---|---|
r-devel-linux-x86_64-debian-clang | 0.9-2 | 4.19 | 34.93 | 39.12 | OK | |
r-devel-linux-x86_64-debian-gcc | 0.9-2 | 3.61 | 26.81 | 30.42 | OK | |
r-devel-linux-x86_64-fedora-clang | 0.9-2 | 48.54 | OK | |||
r-devel-linux-x86_64-fedora-gcc | 0.9-2 | 48.61 | OK | |||
r-devel-windows-x86_64 | 0.9-2 | 6.00 | 46.00 | 52.00 | OK | |
r-patched-linux-x86_64 | 0.9-2 | 4.00 | 33.80 | 37.80 | OK | |
r-release-linux-x86_64 | 0.9-2 | 4.82 | 33.87 | 38.69 | OK | |
r-release-macos-arm64 | 0.9-2 | 22.00 | OK | |||
r-release-macos-x86_64 | 0.9-2 | 26.00 | NOTE | |||
r-release-windows-x86_64 | 0.9-2 | 7.00 | 50.00 | 57.00 | OK | |
r-oldrel-macos-arm64 | 0.9-2 | 19.00 | OK | |||
r-oldrel-windows-x86_64 | 0.9-2 | 7.00 | 53.00 | 60.00 | OK |
Version: 0.9-2
Check: package dependencies
Result: NOTE
Package suggested but not available for checking: ‘RODBC’
Flavor: r-release-macos-x86_64