CRAN Package Check Results for Package bigmatch

Last updated on 2024-02-25 16:51:35 CET.

Flavor Version Tinstall Tcheck Ttotal Status Flags
r-devel-linux-x86_64-debian-clang 0.6.4 3.88 54.70 58.58 NOTE
r-devel-linux-x86_64-debian-gcc 0.6.4 4.05 41.55 45.60 NOTE
r-devel-linux-x86_64-fedora-clang 0.6.4 73.43 NOTE
r-devel-linux-x86_64-fedora-gcc 0.6.4 73.58 NOTE
r-devel-windows-x86_64 0.6.4 5.00 61.00 66.00 NOTE
r-patched-linux-x86_64 0.6.4 4.72 53.67 58.39 NOTE
r-release-linux-x86_64 0.6.4 3.86 52.85 56.71 NOTE
r-release-macos-arm64 0.6.4 30.00 NOTE
r-release-macos-x86_64 0.6.4 40.00 NOTE
r-release-windows-x86_64 0.6.4 7.00 68.00 75.00 NOTE
r-oldrel-macos-arm64 0.6.4 27.00 NOTE
r-oldrel-windows-x86_64 0.6.4 6.00 74.00 80.00 NOTE

Check Details

Version: 0.6.4
Check: package dependencies
Result: NOTE Package suggested but not available for checking: ‘rrelaxiv’ Flavors: r-devel-linux-x86_64-debian-clang, r-devel-linux-x86_64-debian-gcc, r-devel-linux-x86_64-fedora-clang, r-devel-linux-x86_64-fedora-gcc, r-devel-windows-x86_64, r-patched-linux-x86_64, r-release-linux-x86_64, r-release-macos-arm64, r-release-macos-x86_64, r-release-windows-x86_64, r-oldrel-macos-arm64, r-oldrel-windows-x86_64