CRAN Package Check Results for Package bignum

Last updated on 2022-06-27 12:53:24 CEST.

Flavor Version Tinstall Tcheck Ttotal Status Flags
r-devel-linux-x86_64-debian-clang 0.3.0 89.72 55.76 145.48 OK
r-devel-linux-x86_64-debian-gcc 0.3.0 86.38 42.13 128.51 OK
r-devel-linux-x86_64-fedora-clang 0.3.0 218.61 NOTE
r-devel-linux-x86_64-fedora-gcc 0.3.0 205.94 OK
r-devel-windows-x86_64 0.3.0 85.00 108.00 193.00 OK
r-patched-linux-x86_64 0.3.0 85.61 54.20 139.81 OK
r-release-linux-x86_64 0.3.0 81.31 52.82 134.13 OK
r-release-macos-arm64 0.3.0 55.00 NOTE
r-release-macos-x86_64 0.3.0 75.00 NOTE
r-release-windows-x86_64 0.3.0 95.00 110.00 205.00 OK
r-oldrel-macos-arm64 0.3.0 58.00 NOTE
r-oldrel-macos-x86_64 0.3.0 92.00 NOTE
r-oldrel-windows-ix86+x86_64 0.3.0 203.00 129.00 332.00 OK

Check Details

Version: 0.3.0
Check: installed package size
Result: NOTE
     installed size is 6.6Mb
     sub-directories of 1Mb or more:
     libs 6.3Mb
Flavors: r-devel-linux-x86_64-fedora-clang, r-release-macos-arm64, r-release-macos-x86_64, r-oldrel-macos-arm64, r-oldrel-macos-x86_64