CRAN Package Check Results for Package bigtime

Last updated on 2021-10-22 12:59:07 CEST.

Flavor Version Tinstall Tcheck Ttotal Status Flags
r-devel-linux-x86_64-debian-clang 0.2.1 79.58 59.59 139.17 OK
r-devel-linux-x86_64-debian-gcc 0.2.1 52.59 45.45 98.04 OK
r-devel-linux-x86_64-fedora-clang 0.2.1 197.20 NOTE
r-devel-linux-x86_64-fedora-gcc 0.2.1 169.95 OK
r-devel-windows-x86_64 0.2.1 97.00 95.00 192.00 OK
r-devel-windows-x86_64-gcc10-UCRT 0.2.1 OK
r-patched-linux-x86_64 0.2.1 59.21 58.11 117.32 OK
r-patched-solaris-x86 0.2.1 174.70 OK
r-release-linux-x86_64 0.2.1 60.54 57.94 118.48 OK
r-release-macos-arm64 0.2.1 NOTE
r-release-macos-x86_64 0.2.1 NOTE
r-release-windows-ix86+x86_64 0.2.1 159.00 124.00 283.00 OK
r-oldrel-macos-x86_64 0.2.1 NOTE
r-oldrel-windows-ix86+x86_64 0.2.1 175.00 127.00 302.00 OK

Check Details

Version: 0.2.1
Check: installed package size
Result: NOTE
     installed size is 5.6Mb
     sub-directories of 1Mb or more:
     help 1.6Mb
     libs 3.8Mb
Flavors: r-devel-linux-x86_64-fedora-clang, r-release-macos-arm64, r-release-macos-x86_64, r-oldrel-macos-x86_64