Last updated on 2024-04-20 08:50:45 CEST.
Flavor | Version | Tinstall | Tcheck | Ttotal | Status | Flags |
---|---|---|---|---|---|---|
r-devel-linux-x86_64-debian-clang | 1.1-1.1 | 4.44 | 49.66 | 54.10 | NOTE | |
r-devel-linux-x86_64-debian-gcc | 1.1-1.1 | 3.73 | 35.79 | 39.52 | NOTE | |
r-devel-linux-x86_64-fedora-clang | 1.1-1.1 | 66.28 | NOTE | |||
r-devel-linux-x86_64-fedora-gcc | 1.1-1.1 | 64.21 | NOTE | |||
r-prerel-macos-arm64 | 1.1-1.1 | 23.00 | NOTE | |||
r-prerel-windows-x86_64 | 1.1-1.1 | 7.00 | 57.00 | 64.00 | NOTE | |
r-patched-linux-x86_64 | 1.1-1.1 | 5.22 | 45.72 | 50.94 | NOTE | |
r-release-linux-x86_64 | 1.1-1.1 | 4.56 | 48.07 | 52.63 | OK | |
r-release-macos-arm64 | 1.1-1.1 | 26.00 | OK | |||
r-release-macos-x86_64 | 1.1-1.1 | 36.00 | OK | |||
r-release-windows-x86_64 | 1.1-1.1 | 8.00 | 65.00 | 73.00 | OK | |
r-oldrel-macos-arm64 | 1.1-1.1 | 23.00 | OK | |||
r-oldrel-windows-x86_64 | 1.1-1.1 | 8.00 | 67.00 | 75.00 | OK |
Version: 1.1-1.1
Check: Rd files
Result: NOTE
checkRd: (-1) binom.confint.Rd:28-29: Lost braces in \itemize; meant \describe ?
checkRd: (-1) binom.confint.Rd:30-31: Lost braces in \itemize; meant \describe ?
checkRd: (-1) binom.confint.Rd:32-37: Lost braces in \itemize; meant \describe ?
checkRd: (-1) binom.confint.Rd:38: Lost braces in \itemize; meant \describe ?
checkRd: (-1) binom.confint.Rd:39-40: Lost braces in \itemize; meant \describe ?
checkRd: (-1) binom.confint.Rd:41: Lost braces in \itemize; meant \describe ?
checkRd: (-1) binom.confint.Rd:42: Lost braces in \itemize; meant \describe ?
checkRd: (-1) binom.confint.Rd:43: Lost braces in \itemize; meant \describe ?
checkRd: (-1) binom.confint.Rd:44: Lost braces in \itemize; meant \describe ?
checkRd: (-1) binom.confint.Rd:45: Lost braces in \itemize; meant \describe ?
Flavors: r-devel-linux-x86_64-debian-clang, r-devel-linux-x86_64-debian-gcc, r-devel-linux-x86_64-fedora-clang, r-devel-linux-x86_64-fedora-gcc, r-prerel-macos-arm64, r-prerel-windows-x86_64, r-patched-linux-x86_64
Version: 1.1-1.1
Check: compiled code
Result: NOTE
File ‘binom/libs/binom.so’:
Found no calls to: ‘R_registerRoutines’, ‘R_useDynamicSymbols’
It is good practice to register native routines and to disable symbol
search.
See ‘Writing portable packages’ in the ‘Writing R Extensions’ manual.
Flavors: r-devel-linux-x86_64-fedora-clang, r-devel-linux-x86_64-fedora-gcc