CRAN Package Check Results for Package binovisualfields

Last updated on 2024-02-25 16:51:35 CET.

Flavor Version Tinstall Tcheck Ttotal Status Flags
r-devel-linux-x86_64-debian-clang 0.1.1 2.59 30.25 32.84 NOTE
r-devel-linux-x86_64-debian-gcc 0.1.1 2.05 23.39 25.44 NOTE
r-devel-linux-x86_64-fedora-clang 0.1.1 41.18 NOTE
r-devel-linux-x86_64-fedora-gcc 0.1.1 50.83 NOTE
r-devel-windows-x86_64 0.1.1 3.00 46.00 49.00 NOTE
r-patched-linux-x86_64 0.1.1 3.01 29.09 32.10 NOTE
r-release-linux-x86_64 0.1.1 2.78 29.18 31.96 NOTE
r-release-macos-arm64 0.1.1 29.00 NOTE
r-release-macos-x86_64 0.1.1 33.00 NOTE
r-release-windows-x86_64 0.1.1 4.00 49.00 53.00 NOTE
r-oldrel-macos-arm64 0.1.1 19.00 NOTE
r-oldrel-windows-x86_64 0.1.1 4.00 49.00 53.00 NOTE

Check Details

Version: 0.1.1
Check: LazyData
Result: NOTE 'LazyData' is specified without a 'data' directory Flavors: r-devel-linux-x86_64-debian-clang, r-devel-linux-x86_64-debian-gcc, r-devel-linux-x86_64-fedora-clang, r-devel-linux-x86_64-fedora-gcc, r-devel-windows-x86_64, r-patched-linux-x86_64, r-release-linux-x86_64, r-release-macos-arm64, r-release-macos-x86_64, r-release-windows-x86_64, r-oldrel-macos-arm64, r-oldrel-windows-x86_64

Version: 0.1.1
Check: dependencies in R code
Result: NOTE Namespace in Imports field not imported from: ‘gtools’ All declared Imports should be used. Flavors: r-devel-linux-x86_64-fedora-clang, r-devel-linux-x86_64-fedora-gcc, r-oldrel-macos-arm64