CRAN Package Check Results for Package bio3d

Last updated on 2022-09-26 04:53:51 CEST.

Flavor Version Tinstall Tcheck Ttotal Status Flags
r-devel-linux-x86_64-debian-clang 2.4-3 78.73 218.00 296.73 NOTE
r-devel-linux-x86_64-debian-gcc 2.4-3 56.74 159.11 215.85 NOTE
r-devel-linux-x86_64-fedora-clang 2.4-3 388.24 NOTE
r-devel-linux-x86_64-fedora-gcc 2.4-3 382.33 NOTE
r-devel-windows-x86_64 2.4-3 146.00 313.00 459.00 NOTE
r-patched-linux-x86_64 2.4-3 72.89 206.09 278.98 OK
r-release-linux-x86_64 2.4-3 70.95 207.40 278.35 OK
r-release-macos-arm64 2.4-3 85.00 NOTE
r-release-macos-x86_64 2.4-3 124.00 NOTE
r-release-windows-x86_64 2.4-3 155.00 302.00 457.00 OK
r-oldrel-macos-arm64 2.4-3 83.00 NOTE
r-oldrel-macos-x86_64 2.4-3 161.00 NOTE
r-oldrel-windows-ix86+x86_64 2.4-3 178.00 322.00 500.00 NOTE

Additional issues

donttest

Check Details

Version: 2.4-3
Check: Rd files
Result: NOTE
    checkRd: (-1) core.find.Rd:30: Escaped LaTeX specials: \_
    checkRd: (-1) core.find.Rd:87: Escaped LaTeX specials: \^
    checkRd: (-1) core.find.Rd:89: Escaped LaTeX specials: \^
    checkRd: (-1) core.find.Rd:91: Escaped LaTeX specials: \^
    checkRd: (-1) core.find.Rd:93: Escaped LaTeX specials: \^
    checkRd: (-1) core.find.Rd:95: Escaped LaTeX specials: \^
    checkRd: (-1) core.find.Rd:97: Escaped LaTeX specials: \^
Flavors: r-devel-linux-x86_64-debian-clang, r-devel-linux-x86_64-debian-gcc, r-devel-linux-x86_64-fedora-clang, r-devel-linux-x86_64-fedora-gcc, r-devel-windows-x86_64

Version: 2.4-3
Check: package dependencies
Result: NOTE
    Package suggested but not available for checking: ‘msa’
Flavors: r-devel-linux-x86_64-fedora-clang, r-devel-linux-x86_64-fedora-gcc, r-release-macos-x86_64, r-oldrel-macos-arm64, r-oldrel-macos-x86_64

Version: 2.4-3
Check: package dependencies
Result: NOTE
    Packages suggested but not available for checking: 'msa', 'Biostrings'
Flavor: r-release-macos-arm64

Version: 2.4-3
Check: installed package size
Result: NOTE
     installed size is 6.4Mb
     sub-directories of 1Mb or more:
     R 1.0Mb
     libs 2.7Mb
Flavors: r-release-macos-arm64, r-release-macos-x86_64, r-oldrel-macos-arm64, r-oldrel-macos-x86_64, r-oldrel-windows-ix86+x86_64