CRAN Package Check Results for Package biolink

Last updated on 2022-08-15 16:54:24 CEST.

Flavor Version Tinstall Tcheck Ttotal Status Flags
r-devel-linux-x86_64-debian-clang 0.1.7 5.44 48.92 54.36 NOTE
r-devel-linux-x86_64-debian-gcc 0.1.7 4.07 37.63 41.70 NOTE
r-devel-linux-x86_64-fedora-clang 0.1.7 75.77 NOTE
r-devel-linux-x86_64-fedora-gcc 0.1.7 73.01 NOTE
r-devel-windows-x86_64 0.1.7 18.00 72.00 90.00 NOTE
r-patched-linux-x86_64 0.1.7 5.42 49.12 54.54 NOTE
r-release-linux-x86_64 0.1.7 4.28 47.32 51.60 NOTE
r-release-macos-arm64 0.1.7 23.00 NOTE
r-release-macos-x86_64 0.1.7 31.00 NOTE
r-release-windows-x86_64 0.1.7 14.00 72.00 86.00 NOTE
r-oldrel-macos-arm64 0.1.7 30.00 NOTE
r-oldrel-macos-x86_64 0.1.7 38.00 NOTE
r-oldrel-windows-ix86+x86_64 0.1.7 13.00 69.00 82.00 NOTE

Check Details

Version: 0.1.7
Check: LazyData
Result: NOTE
     'LazyData' is specified without a 'data' directory
Flavors: r-devel-linux-x86_64-debian-clang, r-devel-linux-x86_64-debian-gcc, r-devel-linux-x86_64-fedora-clang, r-devel-linux-x86_64-fedora-gcc, r-devel-windows-x86_64, r-patched-linux-x86_64, r-release-linux-x86_64, r-release-macos-arm64, r-release-macos-x86_64, r-release-windows-x86_64, r-oldrel-macos-arm64, r-oldrel-macos-x86_64, r-oldrel-windows-ix86+x86_64