Last updated on 2024-03-28 23:55:01 CET.
Flavor | Version | Tinstall | Tcheck | Ttotal | Status | Flags |
---|---|---|---|---|---|---|
r-devel-linux-x86_64-debian-clang | 1.0.2 | 146.69 | 45.01 | 191.70 | NOTE | |
r-devel-linux-x86_64-debian-gcc | 1.0.2 | 114.45 | 36.38 | 150.83 | NOTE | |
r-devel-linux-x86_64-fedora-clang | 1.0.2 | 293.49 | NOTE | |||
r-devel-linux-x86_64-fedora-gcc | 1.0.2 | 288.96 | NOTE | |||
r-devel-windows-x86_64 | 1.0.2 | 111.00 | 76.00 | 187.00 | NOTE | |
r-patched-linux-x86_64 | 1.0.2 | 144.31 | 45.60 | 189.91 | NOTE | |
r-release-linux-x86_64 | 1.0.2 | 145.52 | 45.57 | 191.09 | NOTE | |
r-release-macos-arm64 | 1.0.2 | 73.00 | NOTE | |||
r-release-macos-x86_64 | 1.0.2 | 106.00 | NOTE | |||
r-release-windows-x86_64 | 1.0.2 | 137.00 | 92.00 | 229.00 | NOTE | |
r-oldrel-macos-arm64 | 1.0.2 | 67.00 | NOTE | |||
r-oldrel-windows-x86_64 | 1.0.2 | 139.00 | 83.00 | 222.00 | OK |
Version: 1.0.2
Check: C++ specification
Result: NOTE
Specified C++11: please drop specification unless essential
Flavors: r-devel-linux-x86_64-debian-clang, r-devel-linux-x86_64-debian-gcc, r-devel-linux-x86_64-fedora-clang, r-devel-linux-x86_64-fedora-gcc, r-devel-windows-x86_64, r-patched-linux-x86_64, r-release-linux-x86_64, r-release-macos-arm64, r-release-macos-x86_64, r-release-windows-x86_64
Version: 1.0.2
Check: installed package size
Result: NOTE
installed size is 6.5Mb
sub-directories of 1Mb or more:
libs 6.3Mb
Flavors: r-release-macos-arm64, r-release-macos-x86_64, r-oldrel-macos-arm64