Last updated on 2022-06-26 12:54:42 CEST.
Flavor | Version | Tinstall | Tcheck | Ttotal | Status | Flags |
---|---|---|---|---|---|---|
r-devel-linux-x86_64-debian-clang | 1.0.10 | 3.90 | 80.32 | 84.22 | OK | |
r-devel-linux-x86_64-debian-gcc | 1.0.11 | 4.55 | 60.24 | 64.79 | OK | |
r-devel-linux-x86_64-fedora-clang | 1.0.11 | 112.58 | NOTE | |||
r-devel-linux-x86_64-fedora-gcc | 1.0.11 | 113.47 | NOTE | |||
r-devel-windows-x86_64 | 1.0.10 | 32.00 | 147.00 | 179.00 | OK | |
r-patched-linux-x86_64 | 1.0.11 | 5.64 | 78.34 | 83.98 | OK | |
r-release-linux-x86_64 | 1.0.11 | 4.51 | 78.64 | 83.15 | OK | |
r-release-macos-arm64 | 1.0.11 | 47.00 | OK | |||
r-release-macos-x86_64 | 1.0.11 | 53.00 | OK | |||
r-release-windows-x86_64 | 1.0.11 | 36.00 | 148.00 | 184.00 | OK | |
r-oldrel-macos-arm64 | 1.0.11 | 44.00 | OK | |||
r-oldrel-macos-x86_64 | 1.0.11 | 66.00 | OK | |||
r-oldrel-windows-ix86+x86_64 | 1.0.11 | 66.00 | 202.00 | 268.00 | OK |
Version: 1.0.11
Check: package dependencies
Result: NOTE
Package suggested but not available for checking: ‘RQuantLib’
Flavors: r-devel-linux-x86_64-fedora-clang, r-devel-linux-x86_64-fedora-gcc