CRAN Package Check Results for Package bkmr

Last updated on 2021-10-25 04:54:03 CEST.

Flavor Version Tinstall Tcheck Ttotal Status Flags
r-devel-linux-x86_64-debian-clang 0.2.0 11.01 75.19 86.20 NOTE
r-devel-linux-x86_64-debian-gcc 0.2.0 8.48 58.07 66.55 NOTE
r-devel-linux-x86_64-fedora-clang 0.2.0 114.14 NOTE
r-devel-linux-x86_64-fedora-gcc 0.2.0 103.69 NOTE
r-devel-windows-x86_64 0.2.0 16.00 94.00 110.00 NOTE
r-devel-windows-x86_64-gcc10-UCRT 0.2.0 NOTE
r-patched-linux-x86_64 0.2.0 7.24 74.15 81.39 NOTE
r-patched-solaris-x86 0.2.0 147.20 NOTE
r-release-linux-x86_64 0.2.0 11.20 72.51 83.71 NOTE
r-release-macos-arm64 0.2.0 NOTE
r-release-macos-x86_64 0.2.0 NOTE
r-release-windows-ix86+x86_64 0.2.0 17.00 95.00 112.00 NOTE
r-oldrel-macos-x86_64 0.2.0 OK
r-oldrel-windows-ix86+x86_64 0.2.0 22.00 96.00 118.00 OK

Check Details

Version: 0.2.0
Check: LazyData
Result: NOTE
     'LazyData' is specified without a 'data' directory
Flavors: r-devel-linux-x86_64-debian-clang, r-devel-linux-x86_64-debian-gcc, r-devel-linux-x86_64-fedora-clang, r-devel-linux-x86_64-fedora-gcc, r-devel-windows-x86_64, r-devel-windows-x86_64-gcc10-UCRT, r-patched-linux-x86_64, r-patched-solaris-x86, r-release-linux-x86_64, r-release-macos-arm64, r-release-macos-x86_64, r-release-windows-ix86+x86_64