Last updated on 2024-03-28 23:55:02 CET.
Flavor | Version | Tinstall | Tcheck | Ttotal | Status | Flags |
---|---|---|---|---|---|---|
r-devel-linux-x86_64-debian-clang | 1.1.46 | 87.32 | 130.92 | 218.24 | OK | |
r-devel-linux-x86_64-debian-gcc | 1.1.46 | 67.18 | 98.56 | 165.74 | OK | |
r-devel-linux-x86_64-fedora-clang | 1.1.46 | 276.16 | OK | |||
r-devel-linux-x86_64-fedora-gcc | 1.1.46 | 287.88 | OK | |||
r-devel-windows-x86_64 | 1.1.46 | 64.00 | 122.00 | 186.00 | OK | |
r-patched-linux-x86_64 | 1.1.46 | 56.45 | 127.61 | 184.06 | OK | |
r-release-linux-x86_64 | 1.1.46 | 64.19 | 132.38 | 196.57 | OK | |
r-release-macos-arm64 | 1.1.46 | 69.00 | NOTE | |||
r-release-macos-x86_64 | 1.1.46 | 135.00 | NOTE | |||
r-release-windows-x86_64 | 1.1.46 | 83.00 | 156.00 | 239.00 | OK | |
r-oldrel-macos-arm64 | 1.1.46 | 67.00 | NOTE | |||
r-oldrel-windows-x86_64 | 1.1.46 | 76.00 | 150.00 | 226.00 | OK |
Version: 1.1.46
Check: installed package size
Result: NOTE
installed size is 6.8Mb
sub-directories of 1Mb or more:
libs 6.2Mb
Flavors: r-release-macos-arm64, r-release-macos-x86_64, r-oldrel-macos-arm64