CRAN Package Check Results for Package blaster

Last updated on 2024-07-16 08:50:32 CEST.

Flavor Version Tinstall Tcheck Ttotal Status Flags
r-devel-linux-x86_64-debian-clang 1.0.7 61.23 28.16 89.39 OK
r-devel-linux-x86_64-debian-gcc 1.0.7 43.33 21.36 64.69 OK
r-devel-linux-x86_64-fedora-clang 1.0.7 129.69 OK
r-devel-linux-x86_64-fedora-gcc 1.0.7 144.92 OK
r-devel-windows-x86_64 1.0.7 42.00 62.00 104.00 OK
r-patched-linux-x86_64 1.0.7 55.27 27.09 82.36 OK
r-release-linux-x86_64 1.0.7 54.10 25.88 79.98 OK
r-release-macos-arm64 1.0.7 38.00 NOTE
r-release-macos-x86_64 1.0.7 40.00 NOTE
r-release-windows-x86_64 1.0.7 45.00 62.00 107.00 OK
r-oldrel-macos-arm64 1.0.7 35.00 NOTE
r-oldrel-macos-x86_64 1.0.7 71.00 NOTE
r-oldrel-windows-x86_64 1.0.7 48.00 70.00 118.00 OK

Check Details

Version: 1.0.7
Check: installed package size
Result: NOTE installed size is 6.6Mb sub-directories of 1Mb or more: libs 6.5Mb Flavors: r-release-macos-arm64, r-release-macos-x86_64, r-oldrel-macos-arm64, r-oldrel-macos-x86_64