CRAN Package Check Results for Package blavaan

Last updated on 2021-10-22 16:50:29 CEST.

Flavor Version Tinstall Tcheck Ttotal Status Flags
r-devel-linux-x86_64-debian-clang 0.3-17 334.27 204.16 538.43 NOTE
r-devel-linux-x86_64-debian-gcc 0.3-17 210.81 155.93 366.74 NOTE
r-devel-linux-x86_64-fedora-clang 0.3-17 737.32 NOTE
r-devel-linux-x86_64-fedora-gcc 0.3-17 638.55 NOTE
r-devel-windows-x86_64 0.3-17 303.00 239.00 542.00 NOTE
r-devel-windows-x86_64-gcc10-UCRT 0.3-17 NOTE
r-patched-linux-x86_64 0.3-17 187.24 199.43 386.67 NOTE
r-patched-solaris-x86 0.3-17 659.10 NOTE
r-release-linux-x86_64 0.3-17 236.33 199.87 436.20 NOTE
r-release-macos-arm64 0.3-17 NOTE
r-release-macos-x86_64 0.3-17 NOTE
r-release-windows-ix86+x86_64 0.3-17 381.00 327.00 708.00 NOTE
r-oldrel-macos-x86_64 0.3-17 ERROR
r-oldrel-windows-ix86+x86_64 0.3-17 576.00 332.00 908.00 NOTE

Check Details

Version: 0.3-17
Check: for GNU extensions in Makefiles
Result: NOTE
    GNU make is a SystemRequirements.
Flavors: r-devel-linux-x86_64-debian-clang, r-devel-linux-x86_64-debian-gcc, r-devel-linux-x86_64-fedora-clang, r-devel-linux-x86_64-fedora-gcc, r-devel-windows-x86_64, r-devel-windows-x86_64-gcc10-UCRT, r-patched-linux-x86_64, r-patched-solaris-x86, r-release-linux-x86_64, r-release-macos-arm64, r-release-macos-x86_64, r-release-windows-ix86+x86_64, r-oldrel-windows-ix86+x86_64

Version: 0.3-17
Check: installed package size
Result: NOTE
     installed size is 58.5Mb
     sub-directories of 1Mb or more:
     libs 56.4Mb
Flavors: r-devel-linux-x86_64-fedora-clang, r-release-macos-arm64, r-release-macos-x86_64, r-release-windows-ix86+x86_64, r-oldrel-windows-ix86+x86_64

Version: 0.3-17
Check: line endings in C/C++/Fortran sources/headers
Result: NOTE
    Found the following sources/headers with CR or CRLF line endings:
     src/stan_files/stanmarg.hpp
    Some Unix compilers require LF line endings.
Flavor: r-devel-windows-x86_64-gcc10-UCRT

Version: 0.3-17
Check: package dependencies
Result: NOTE
    Packages suggested but not available for checking: 'runjags', 'rjags'
Flavor: r-release-macos-arm64

Version: 0.3-17
Check: package dependencies
Result: ERROR
    Package required and available but unsuitable version: ‘rstan’
    
    See section ‘The DESCRIPTION file’ in the ‘Writing R Extensions’
    manual.
Flavor: r-oldrel-macos-x86_64