CRAN Package Check Results for Package blockCV

Last updated on 2021-09-19 04:52:49 CEST.

Flavor Version Tinstall Tcheck Ttotal Status Flags
r-devel-linux-x86_64-debian-clang 2.1.4 12.75 181.71 194.46 OK
r-devel-linux-x86_64-debian-gcc 2.1.4 9.65 133.82 143.47 OK
r-devel-linux-x86_64-fedora-clang 2.1.4 232.39 NOTE
r-devel-linux-x86_64-fedora-gcc 2.1.4 222.35 OK
r-devel-windows-x86_64 2.1.4 15.00 184.00 199.00 NOTE
r-devel-windows-x86_64-gcc10-UCRT 2.1.4 ERROR
r-patched-linux-x86_64 2.1.4 10.89 169.42 180.31 OK
r-patched-solaris-x86 2.1.4 349.10 NOTE
r-release-linux-x86_64 2.1.4 12.29 169.13 181.42 OK
r-release-macos-arm64 2.1.4 NOTE
r-release-macos-x86_64 2.1.4 NOTE
r-release-windows-ix86+x86_64 2.1.4 27.00 173.00 200.00 NOTE
r-oldrel-macos-x86_64 2.1.4 NOTE
r-oldrel-windows-ix86+x86_64 2.1.4 29.00 208.00 237.00 NOTE

Check Details

Version: 2.1.4
Check: installed package size
Result: NOTE
     installed size is 8.7Mb
     sub-directories of 1Mb or more:
     extdata 7.8Mb
Flavors: r-devel-linux-x86_64-fedora-clang, r-devel-windows-x86_64, r-patched-solaris-x86, r-release-macos-arm64, r-release-macos-x86_64, r-release-windows-ix86+x86_64, r-oldrel-macos-x86_64, r-oldrel-windows-ix86+x86_64

Version: 2.1.4
Check: Rd cross-references
Result: NOTE
    Undeclared packages ‘biomod2’, ‘gstat’ in Rd xrefs
Flavor: r-devel-linux-x86_64-fedora-clang

Version: 2.1.4
Check: whether package can be installed
Result: WARN
    Found the following significant warnings:
     WARNING: installation-time patches will not be applied, could not get the patches index
Flavor: r-devel-windows-x86_64-gcc10-UCRT

Version: 2.1.4
Check: PDF version of manual
Result: WARN
    LaTeX errors when creating PDF version.
    This typically indicates Rd problems.
Flavor: r-devel-windows-x86_64-gcc10-UCRT

Version: 2.1.4
Check: PDF version of manual without hyperrefs or index
Result: ERROR
    Re-running with no redirection of stdout/stderr.
Flavor: r-devel-windows-x86_64-gcc10-UCRT