Last updated on 2023-05-28 23:13:54 CEST.
Flavor | Version | Tinstall | Tcheck | Ttotal | Status | Flags |
---|---|---|---|---|---|---|
r-devel-linux-x86_64-debian-clang | 0.2.6 | 104.34 | 115.35 | 219.69 | OK | |
r-devel-linux-x86_64-debian-gcc | 0.2.6 | 91.25 | 89.88 | 181.13 | OK | |
r-devel-linux-x86_64-fedora-clang | 0.2.6 | 327.66 | OK | |||
r-devel-linux-x86_64-fedora-gcc | 0.2.6 | 325.57 | OK | |||
r-devel-windows-x86_64 | 0.2.6 | 88.00 | 116.00 | 204.00 | OK | |
r-patched-linux-x86_64 | 0.2.6 | 92.91 | 111.21 | 204.12 | OK | |
r-release-linux-x86_64 | 0.2.6 | 93.09 | 112.15 | 205.24 | OK | |
r-release-macos-arm64 | 0.2.6 | 84.00 | NOTE | |||
r-release-macos-x86_64 | 0.2.6 | 135.00 | NOTE | |||
r-release-windows-x86_64 | 0.2.6 | 118.00 | 141.00 | 259.00 | OK | |
r-oldrel-macos-arm64 | 0.2.6 | 78.00 | NOTE | |||
r-oldrel-macos-x86_64 | 0.2.6 | 95.00 | NOTE | |||
r-oldrel-windows-x86_64 | 0.2.6 | 105.00 | 141.00 | 246.00 | OK |
Version: 0.2.6
Check: installed package size
Result: NOTE
installed size is 7.4Mb
sub-directories of 1Mb or more:
libs 7.0Mb
Flavors: r-release-macos-arm64, r-release-macos-x86_64, r-oldrel-macos-arm64, r-oldrel-macos-x86_64