Last updated on 2023-06-10 00:54:40 CEST.
Flavor | Version | Tinstall | Tcheck | Ttotal | Status | Flags |
---|---|---|---|---|---|---|
r-devel-linux-x86_64-debian-clang | 0.1.1 | 6.79 | 106.00 | 112.79 | OK | |
r-devel-linux-x86_64-debian-gcc | 0.1.1 | 5.88 | 83.12 | 89.00 | OK | |
r-devel-linux-x86_64-fedora-clang | 0.1.1 | 151.26 | OK | |||
r-devel-linux-x86_64-fedora-gcc | 0.1.1 | 145.31 | OK | |||
r-devel-windows-x86_64 | 0.1.1 | 7.00 | 99.00 | 106.00 | OK | |
r-patched-linux-x86_64 | 0.1.1 | 5.76 | 100.10 | 105.86 | OK | |
r-release-linux-x86_64 | 0.1.1 | 5.48 | 101.46 | 106.94 | OK | |
r-release-macos-arm64 | 0.1.1 | 54.00 | OK | |||
r-release-macos-x86_64 | 0.1.1 | 73.00 | NOTE | |||
r-release-windows-x86_64 | 0.1.1 | 9.00 | 120.00 | 129.00 | OK | |
r-oldrel-macos-arm64 | 0.1.1 | 49.00 | OK | |||
r-oldrel-macos-x86_64 | 0.1.1 | 67.00 | OK | |||
r-oldrel-windows-x86_64 | 0.1.1 | 9.00 | 126.00 | 135.00 | OK |
Version: 0.1.1
Check: package dependencies
Result: NOTE
Package suggested but not available for checking: ‘reldist’
Flavor: r-release-macos-x86_64