CRAN Package Check Results for Package blogdown

Last updated on 2021-09-19 04:52:49 CEST.

Flavor Version Tinstall Tcheck Ttotal Status Flags
r-devel-linux-x86_64-debian-clang 1.5 5.67 38.71 44.38 OK
r-devel-linux-x86_64-debian-gcc 1.5 4.49 29.14 33.63 OK
r-devel-linux-x86_64-fedora-clang 1.5 61.78 OK
r-devel-linux-x86_64-fedora-gcc 1.5 53.52 OK
r-devel-windows-x86_64 1.5 7.00 47.00 54.00 OK
r-devel-windows-x86_64-gcc10-UCRT 1.5 ERROR
r-patched-linux-x86_64 1.5 8.95 36.77 45.72 OK
r-patched-solaris-x86 1.5 71.10 OK
r-release-linux-x86_64 1.5 5.01 37.20 42.21 OK
r-release-macos-arm64 1.5 OK
r-release-macos-x86_64 1.5 OK
r-release-windows-ix86+x86_64 1.5 10.00 46.00 56.00 OK
r-oldrel-macos-x86_64 1.5 OK
r-oldrel-windows-ix86+x86_64 1.5 10.00 55.00 65.00 OK

Check Details

Version: 1.5
Check: whether package can be installed
Result: WARN
    Found the following significant warnings:
     WARNING: installation-time patches will not be applied, could not get the patches index
Flavor: r-devel-windows-x86_64-gcc10-UCRT

Version: 1.5
Check: PDF version of manual
Result: WARN
    LaTeX errors when creating PDF version.
    This typically indicates Rd problems.
Flavor: r-devel-windows-x86_64-gcc10-UCRT

Version: 1.5
Check: PDF version of manual without hyperrefs or index
Result: ERROR
    Re-running with no redirection of stdout/stderr.
Flavor: r-devel-windows-x86_64-gcc10-UCRT