CRAN Package Check Results for Package bmgarch

Last updated on 2021-10-23 12:07:25 CEST.

Flavor Version Tinstall Tcheck Ttotal Status Flags
r-devel-linux-x86_64-debian-clang 1.0.1 1053.12 147.12 1200.24 NOTE
r-devel-linux-x86_64-debian-gcc 1.0.1 868.87 146.43 1015.30 NOTE
r-devel-linux-x86_64-fedora-clang 1.0.1 1849.66 NOTE
r-devel-linux-x86_64-fedora-gcc 1.0.1 1789.34 NOTE
r-devel-windows-x86_64 1.0.1 1101.00 228.00 1329.00 NOTE
r-devel-windows-x86_64-gcc10-UCRT 1.0.1 NOTE
r-patched-linux-x86_64 1.0.1 921.48 181.78 1103.26 NOTE
r-patched-solaris-x86 1.0.1 1477.90 NOTE
r-release-linux-x86_64 1.0.1 933.56 185.90 1119.46 NOTE
r-release-macos-arm64 1.0.1 NOTE
r-release-macos-x86_64 1.0.1 NOTE
r-release-windows-ix86+x86_64 1.0.1 1536.00 329.00 1865.00 NOTE
r-oldrel-macos-x86_64 1.0.0 ERROR
r-oldrel-windows-ix86+x86_64 1.0.0 1870.00 343.00 2213.00 NOTE

Check Details

Version: 1.0.1
Check: for GNU extensions in Makefiles
Result: NOTE
    GNU make is a SystemRequirements.
Flavors: r-devel-linux-x86_64-debian-clang, r-devel-linux-x86_64-debian-gcc, r-devel-linux-x86_64-fedora-clang, r-devel-linux-x86_64-fedora-gcc, r-devel-windows-x86_64, r-devel-windows-x86_64-gcc10-UCRT, r-patched-linux-x86_64, r-patched-solaris-x86, r-release-linux-x86_64, r-release-macos-arm64, r-release-macos-x86_64, r-release-windows-ix86+x86_64

Version: 1.0.1
Check: installed package size
Result: NOTE
     installed size is 153.0Mb
     sub-directories of 1Mb or more:
     libs 152.3Mb
Flavors: r-devel-linux-x86_64-fedora-clang, r-devel-windows-x86_64, r-patched-solaris-x86, r-release-macos-arm64, r-release-macos-x86_64, r-release-windows-ix86+x86_64

Version: 1.0.1
Check: line endings in C/C++/Fortran sources/headers
Result: NOTE
    Found the following sources/headers with CR or CRLF line endings:
     src/stan_files/BEKKMGARCH.hpp
     src/stan_files/CCCMGARCH.hpp
     src/stan_files/DCCMGARCH.hpp
     src/stan_files/forecastBEKK.hpp
     src/stan_files/forecastCCC.hpp
     src/stan_files/forecastDCC.hpp
     src/stan_files/pdBEKKMGARCH.hpp
    Some Unix compilers require LF line endings.
Flavor: r-devel-windows-x86_64-gcc10-UCRT

Version: 1.0.0
Check: package dependencies
Result: ERROR
    Package required and available but unsuitable version: ‘rstan’
    
    See section ‘The DESCRIPTION file’ in the ‘Writing R Extensions’
    manual.
Flavor: r-oldrel-macos-x86_64

Version: 1.0.0
Check: installed package size
Result: NOTE
     installed size is 14.0Mb
     sub-directories of 1Mb or more:
     libs 13.4Mb
Flavor: r-oldrel-windows-ix86+x86_64

Version: 1.0.0
Check: for GNU extensions in Makefiles
Result: NOTE
    GNU make is a SystemRequirements.
Flavor: r-oldrel-windows-ix86+x86_64