Last updated on 2023-05-28 23:13:54 CEST.
Flavor | Version | Tinstall | Tcheck | Ttotal | Status | Flags |
---|---|---|---|---|---|---|
r-devel-linux-x86_64-debian-clang | 0.1.0 | 788.80 | 132.28 | 921.08 | NOTE | |
r-devel-linux-x86_64-debian-gcc | 0.1.0 | 719.67 | 140.05 | 859.72 | NOTE | |
r-devel-linux-x86_64-fedora-clang | 0.1.0 | 1066.97 | NOTE | |||
r-devel-linux-x86_64-fedora-gcc | 0.1.0 | 1554.29 | NOTE | |||
r-devel-windows-x86_64 | 0.1.0 | 572.00 | 177.00 | 749.00 | NOTE | |
r-patched-linux-x86_64 | 0.1.0 | 547.93 | 184.06 | 731.99 | NOTE | |
r-release-linux-x86_64 | 0.1.0 | 617.70 | 184.06 | 801.76 | NOTE | |
r-release-macos-arm64 | 0.1.0 | 362.00 | NOTE | |||
r-release-macos-x86_64 | 0.1.0 | 548.00 | NOTE | |||
r-release-windows-x86_64 | 0.1.0 | 752.00 | 229.00 | 981.00 | NOTE | |
r-oldrel-macos-arm64 | 0.1.0 | 314.00 | NOTE | |||
r-oldrel-macos-x86_64 | 0.1.0 | 559.00 | NOTE | |||
r-oldrel-windows-x86_64 | 0.1.0 | 706.00 | 205.00 | 911.00 | NOTE |
Version: 0.1.0
Check: for GNU extensions in Makefiles
Result: NOTE
GNU make is a SystemRequirements.
Flavors: r-devel-linux-x86_64-debian-clang, r-devel-linux-x86_64-debian-gcc, r-devel-linux-x86_64-fedora-clang, r-devel-linux-x86_64-fedora-gcc, r-devel-windows-x86_64, r-patched-linux-x86_64, r-release-linux-x86_64, r-release-macos-arm64, r-release-macos-x86_64, r-release-windows-x86_64, r-oldrel-macos-arm64, r-oldrel-macos-x86_64, r-oldrel-windows-x86_64
Version: 0.1.0
Check: installed package size
Result: NOTE
installed size is 7.4Mb
sub-directories of 1Mb or more:
libs 6.8Mb
Flavors: r-devel-linux-x86_64-fedora-clang, r-devel-windows-x86_64, r-release-macos-arm64, r-release-macos-x86_64, r-release-windows-x86_64, r-oldrel-macos-arm64, r-oldrel-macos-x86_64, r-oldrel-windows-x86_64
Version: 0.1.0
Check: dependencies in R code
Result: NOTE
Namespaces in Imports field not imported from:
‘RcppParallel’ ‘rstantools’
All declared Imports should be used.
Flavors: r-devel-linux-x86_64-fedora-clang, r-devel-linux-x86_64-fedora-gcc, r-oldrel-macos-arm64, r-oldrel-macos-x86_64