Last updated on 2023-06-05 16:54:49 CEST.
Flavor | Version | Tinstall | Tcheck | Ttotal | Status | Flags |
---|---|---|---|---|---|---|
r-devel-linux-x86_64-debian-clang | 0.4.1 | 534.38 | 489.07 | 1023.45 | NOTE | |
r-devel-linux-x86_64-debian-gcc | 0.4.1 | 409.90 | 396.58 | 806.48 | NOTE | |
r-devel-linux-x86_64-fedora-clang | 0.4.1 | 1298.34 | NOTE | |||
r-devel-linux-x86_64-fedora-gcc | 0.4.1 | 1544.23 | NOTE | |||
r-devel-windows-x86_64 | 0.4.1 | 334.00 | 437.00 | 771.00 | NOTE | |
r-patched-linux-x86_64 | 0.4.1 | 394.09 | 504.11 | 898.20 | NOTE | |
r-release-linux-x86_64 | 0.4.1 | 380.03 | 516.29 | 896.32 | NOTE | |
r-release-macos-arm64 | 0.4.1 | 425.00 | NOTE | |||
r-release-macos-x86_64 | 0.4.1 | 608.00 | NOTE | |||
r-release-windows-x86_64 | 0.4.1 | 394.00 | 551.00 | 945.00 | NOTE | |
r-oldrel-macos-arm64 | 0.4.1 | 314.00 | NOTE | |||
r-oldrel-macos-x86_64 | 0.4.1 | 437.00 | NOTE | |||
r-oldrel-windows-x86_64 | 0.4.1 | 340.00 | 519.00 | 859.00 | NOTE |
Version: 0.4.1
Check: package dependencies
Result: NOTE
Package suggested but not available for checking: ‘INLA’
Flavors: r-devel-linux-x86_64-debian-clang, r-devel-linux-x86_64-debian-gcc, r-devel-windows-x86_64, r-patched-linux-x86_64, r-release-linux-x86_64, r-release-macos-arm64, r-release-macos-x86_64, r-release-windows-x86_64, r-oldrel-macos-arm64, r-oldrel-macos-x86_64, r-oldrel-windows-x86_64
Version: 0.4.1
Check: for GNU extensions in Makefiles
Result: NOTE
GNU make is a SystemRequirements.
Flavors: r-devel-linux-x86_64-debian-clang, r-devel-linux-x86_64-debian-gcc, r-devel-linux-x86_64-fedora-clang, r-devel-linux-x86_64-fedora-gcc, r-devel-windows-x86_64, r-patched-linux-x86_64, r-release-linux-x86_64, r-release-macos-arm64, r-release-macos-x86_64, r-release-windows-x86_64, r-oldrel-macos-arm64, r-oldrel-macos-x86_64, r-oldrel-windows-x86_64
Version: 0.4.1
Check: installed package size
Result: NOTE
installed size is 12.6Mb
sub-directories of 1Mb or more:
doc 4.6Mb
libs 5.3Mb
Flavors: r-devel-linux-x86_64-fedora-clang, r-devel-windows-x86_64, r-release-macos-arm64, r-release-macos-x86_64, r-release-windows-x86_64, r-oldrel-macos-arm64, r-oldrel-macos-x86_64, r-oldrel-windows-x86_64
Version: 0.4.1
Check: dependencies in R code
Result: NOTE
Namespace in Imports field not imported from: ‘rstantools’
All declared Imports should be used.
Flavors: r-devel-linux-x86_64-fedora-clang, r-devel-linux-x86_64-fedora-gcc