CRAN Package Check Results for Package bnclassify

Last updated on 2022-12-02 09:52:49 CET.

Flavor Version Tinstall Tcheck Ttotal Status Flags
r-devel-linux-x86_64-debian-clang 0.4.7 131.57 131.55 263.12 OK
r-devel-linux-x86_64-debian-gcc 0.4.7 88.78 91.55 180.33 OK
r-devel-linux-x86_64-fedora-clang 0.4.7 340.98 OK
r-devel-linux-x86_64-fedora-gcc 0.4.7 311.59 OK
r-devel-windows-x86_64 0.4.7 184.00 209.00 393.00 OK
r-patched-linux-x86_64 0.4.7 115.95 119.90 235.85 OK
r-release-linux-x86_64 0.4.7 114.24 121.66 235.90 OK
r-release-macos-arm64 0.4.7 96.00 NOTE
r-release-macos-x86_64 0.4.7 104.00 NOTE
r-release-windows-x86_64 0.4.7 320.00 199.00 519.00 OK
r-oldrel-macos-arm64 0.4.7 93.00 NOTE
r-oldrel-macos-x86_64 0.4.7 111.00 NOTE
r-oldrel-windows-ix86+x86_64 0.4.7 253.00 236.00 489.00 OK

Check Details

Version: 0.4.7
Check: installed package size
Result: NOTE
     installed size is 7.0Mb
     sub-directories of 1Mb or more:
     libs 6.2Mb
Flavors: r-release-macos-arm64, r-release-macos-x86_64, r-oldrel-macos-arm64, r-oldrel-macos-x86_64