CRAN Package Check Results for Package bndesr

Last updated on 2024-06-19 08:57:43 CEST.

Flavor Version Tinstall Tcheck Ttotal Status Flags
r-devel-linux-x86_64-debian-clang 1.0.3 3.07 32.57 35.64 OK
r-devel-linux-x86_64-debian-gcc 1.0.3 2.24 25.25 27.49 OK
r-devel-linux-x86_64-fedora-clang 1.0.3 45.04 NOTE
r-devel-linux-x86_64-fedora-gcc 1.0.3 43.73 NOTE
r-devel-windows-x86_64 1.0.3 5.00 58.00 63.00 OK
r-patched-linux-x86_64 1.0.3 2.85 31.80 34.65 OK
r-release-linux-x86_64 1.0.3 1.68 31.84 33.52 OK
r-release-macos-arm64 1.0.3 36.00 OK
r-release-macos-x86_64 1.0.3 40.00 OK
r-release-windows-x86_64 1.0.3 5.00 59.00 64.00 OK
r-oldrel-macos-arm64 1.0.3 35.00 OK
r-oldrel-macos-x86_64 1.0.3 48.00 OK
r-oldrel-windows-x86_64 1.0.3 4.00 60.00 64.00 OK

Check Details

Version: 1.0.3
Check: dependencies in R code
Result: NOTE Namespace in Imports field not imported from: ‘curl’ All declared Imports should be used. Flavors: r-devel-linux-x86_64-fedora-clang, r-devel-linux-x86_64-fedora-gcc