Last updated on 2024-04-18 08:54:23 CEST.
Flavor | Version | Tinstall | Tcheck | Ttotal | Status | Flags |
---|---|---|---|---|---|---|
r-devel-linux-x86_64-debian-clang | 0.1.6 | 5.48 | 46.87 | 52.35 | NOTE | |
r-devel-linux-x86_64-debian-gcc | 0.1.6 | 3.22 | 36.93 | 40.15 | NOTE | |
r-devel-linux-x86_64-fedora-clang | 0.1.6 | 65.58 | NOTE | |||
r-devel-linux-x86_64-fedora-gcc | 0.1.6 | 62.93 | NOTE | |||
r-prerel-macos-arm64 | 0.1.6 | 26.00 | NOTE | |||
r-prerel-windows-x86_64 | 0.1.6 | 5.00 | 56.00 | 61.00 | NOTE | |
r-patched-linux-x86_64 | 0.1.6 | 4.30 | 45.41 | 49.71 | NOTE | |
r-release-linux-x86_64 | 0.1.6 | 3.18 | 46.09 | 49.27 | NOTE | |
r-release-macos-arm64 | 0.1.6 | 25.00 | NOTE | |||
r-release-macos-x86_64 | 0.1.6 | 40.00 | NOTE | |||
r-release-windows-x86_64 | 0.1.6 | 7.00 | 62.00 | 69.00 | NOTE | |
r-oldrel-macos-arm64 | 0.1.6 | 25.00 | NOTE | |||
r-oldrel-windows-x86_64 | 0.1.6 | 7.00 | 69.00 | 76.00 | NOTE |
Version: 0.1.6
Check: Rd files
Result: NOTE
checkRd: (-1) strength.viewer.Rd:148: Lost braces in \itemize; meant \describe ?
checkRd: (-1) strength.viewer.Rd:149: Lost braces in \itemize; meant \describe ?
checkRd: (-1) strength.viewer.Rd:150: Lost braces in \itemize; meant \describe ?
checkRd: (-1) strength.viewer.Rd:151: Lost braces in \itemize; meant \describe ?
checkRd: (-1) strength.viewer.Rd:152: Lost braces in \itemize; meant \describe ?
Flavors: r-devel-linux-x86_64-debian-clang, r-devel-linux-x86_64-debian-gcc, r-devel-linux-x86_64-fedora-clang, r-devel-linux-x86_64-fedora-gcc, r-prerel-macos-arm64, r-prerel-windows-x86_64, r-patched-linux-x86_64
Version: 0.1.6
Check: LazyData
Result: NOTE
'LazyData' is specified without a 'data' directory
Flavors: r-devel-linux-x86_64-debian-clang, r-devel-linux-x86_64-debian-gcc, r-devel-linux-x86_64-fedora-clang, r-devel-linux-x86_64-fedora-gcc, r-prerel-macos-arm64, r-prerel-windows-x86_64, r-patched-linux-x86_64, r-release-linux-x86_64, r-release-macos-arm64, r-release-macos-x86_64, r-release-windows-x86_64, r-oldrel-macos-arm64, r-oldrel-windows-x86_64
Version: 0.1.6
Check: dependencies in R code
Result: NOTE
Namespaces in Imports field not imported from:
‘caret’ ‘e1071’
All declared Imports should be used.
Flavors: r-devel-linux-x86_64-fedora-clang, r-devel-linux-x86_64-fedora-gcc, r-oldrel-macos-arm64