Last updated on 2023-05-28 23:13:54 CEST.
Flavor | Version | Tinstall | Tcheck | Ttotal | Status | Flags |
---|---|---|---|---|---|---|
r-devel-linux-x86_64-debian-clang | 0.3.2 | 14.75 | 108.02 | 122.77 | OK | |
r-devel-linux-x86_64-debian-gcc | 0.3.2 | 10.95 | 81.48 | 92.43 | OK | |
r-devel-linux-x86_64-fedora-clang | 0.3.2 | 158.63 | NOTE | |||
r-devel-linux-x86_64-fedora-gcc | 0.3.2 | 139.65 | NOTE | |||
r-devel-windows-x86_64 | 0.3.2 | 12.00 | 96.00 | 108.00 | OK | |
r-patched-linux-x86_64 | 0.3.2 | 13.14 | 101.93 | 115.07 | OK | |
r-release-linux-x86_64 | 0.3.2 | 10.96 | 101.38 | 112.34 | OK | |
r-release-macos-arm64 | 0.3.2 | 42.00 | OK | |||
r-release-macos-x86_64 | 0.3.2 | 71.00 | OK | |||
r-release-windows-x86_64 | 0.3.2 | 16.00 | 119.00 | 135.00 | OK | |
r-oldrel-macos-arm64 | 0.3.2 | 45.00 | NOTE | |||
r-oldrel-macos-x86_64 | 0.3.2 | 76.00 | NOTE | |||
r-oldrel-windows-x86_64 | 0.3.2 | 16.00 | 118.00 | 134.00 | OK |
Version: 0.3.2
Check: dependencies in R code
Result: NOTE
Namespace in Imports field not imported from: ‘sna’
All declared Imports should be used.
Flavors: r-devel-linux-x86_64-fedora-clang, r-devel-linux-x86_64-fedora-gcc, r-oldrel-macos-arm64, r-oldrel-macos-x86_64