Last updated on 2024-03-28 23:55:02 CET.
Flavor | Version | Tinstall | Tcheck | Ttotal | Status | Flags |
---|---|---|---|---|---|---|
r-devel-linux-x86_64-debian-clang | 0.3.6 | 4.70 | 73.19 | 77.89 | OK | |
r-devel-linux-x86_64-debian-gcc | 0.3.6 | 6.07 | 55.49 | 61.56 | OK | |
r-devel-linux-x86_64-fedora-clang | 0.3.6 | 108.85 | NOTE | |||
r-devel-linux-x86_64-fedora-gcc | 0.3.6 | 118.03 | OK | |||
r-devel-windows-x86_64 | 0.3.6 | 7.00 | 83.00 | 90.00 | OK | |
r-patched-linux-x86_64 | 0.3.6 | 10.40 | 70.41 | 80.81 | OK | |
r-release-linux-x86_64 | 0.3.6 | 4.50 | 68.67 | 73.17 | OK | |
r-release-macos-arm64 | 0.3.6 | 43.00 | OK | |||
r-release-macos-x86_64 | 0.3.6 | 65.00 | OK | |||
r-release-windows-x86_64 | 0.3.6 | 10.00 | 90.00 | 100.00 | OK | |
r-oldrel-macos-arm64 | 0.3.6 | 32.00 | OK | |||
r-oldrel-windows-x86_64 | 0.3.6 | 10.00 | 84.00 | 94.00 | OK |
Version: 0.3.6
Check: Rd cross-references
Result: NOTE
Undeclared packages ‘data.table’, ‘readxl’, ‘openxlsx’ in Rd xrefs
Flavor: r-devel-linux-x86_64-fedora-clang