Last updated on 2023-06-05 16:54:49 CEST.
Flavor | Version | Tinstall | Tcheck | Ttotal | Status | Flags |
---|---|---|---|---|---|---|
r-devel-linux-x86_64-debian-clang | 0.3.6 | 6.62 | 69.79 | 76.41 | OK | |
r-devel-linux-x86_64-debian-gcc | 0.3.6 | 4.91 | 52.81 | 57.72 | OK | |
r-devel-linux-x86_64-fedora-clang | 0.3.6 | 96.90 | NOTE | |||
r-devel-linux-x86_64-fedora-gcc | 0.3.6 | 103.21 | OK | |||
r-devel-windows-x86_64 | 0.3.6 | 8.00 | 83.00 | 91.00 | OK | |
r-patched-linux-x86_64 | 0.3.6 | 14.92 | 66.28 | 81.20 | OK | |
r-release-linux-x86_64 | 0.3.6 | 4.40 | 66.26 | 70.66 | OK | |
r-release-macos-arm64 | 0.3.6 | 43.00 | OK | |||
r-release-macos-x86_64 | 0.3.6 | 65.00 | OK | |||
r-release-windows-x86_64 | 0.3.6 | 11.00 | 90.00 | 101.00 | OK | |
r-oldrel-macos-arm64 | 0.3.6 | 32.00 | OK | |||
r-oldrel-macos-x86_64 | 0.3.6 | 51.00 | OK | |||
r-oldrel-windows-x86_64 | 0.3.6 | 10.00 | 83.00 | 93.00 | OK |
Version: 0.3.6
Check: Rd cross-references
Result: NOTE
Undeclared packages ‘data.table’, ‘readxl’, ‘openxlsx’ in Rd xrefs
Flavor: r-devel-linux-x86_64-fedora-clang