Last updated on 2024-04-23 08:57:40 CEST.
Flavor | Version | Tinstall | Tcheck | Ttotal | Status | Flags |
---|---|---|---|---|---|---|
r-devel-linux-x86_64-debian-clang | 2.1.0 | 14.22 | 131.76 | 145.98 | NOTE | |
r-devel-linux-x86_64-debian-gcc | 2.1.0 | 9.45 | 96.73 | 106.18 | NOTE | |
r-devel-linux-x86_64-fedora-clang | 2.1.0 | 199.27 | NOTE | |||
r-devel-linux-x86_64-fedora-gcc | 2.1.0 | 200.26 | NOTE | |||
r-prerel-macos-arm64 | 2.1.0 | 54.00 | NOTE | |||
r-prerel-windows-x86_64 | 2.1.0 | 15.00 | 113.00 | 128.00 | NOTE | |
r-patched-linux-x86_64 | 2.1.0 | 16.95 | 123.94 | 140.89 | NOTE | |
r-release-linux-x86_64 | 2.1.0 | 12.49 | 126.42 | 138.91 | NOTE | |
r-release-macos-arm64 | 2.1.0 | 55.00 | NOTE | |||
r-release-macos-x86_64 | 2.1.0 | 96.00 | NOTE | |||
r-release-windows-x86_64 | 2.1.0 | 19.00 | 135.00 | 154.00 | NOTE | |
r-oldrel-macos-arm64 | 2.1.0 | 50.00 | OK | |||
r-oldrel-windows-x86_64 | 2.1.0 | 18.00 | 129.00 | 147.00 | OK |
Version: 2.1.0
Check: Rd files
Result: NOTE
checkRd: (-1) bp_rats.Rd:41: Escaped LaTeX specials: \&
checkRd: (-1) bp_sv.Rd:75: Lost braces; missing escapes or markup?
75 | $$SV = sqrt(sum(x_{i+1} - x_i)^2/n-1)$$
| ^
checkRd: (-1) bp_sv.Rd:80: Lost braces; missing escapes or markup?
80 | $$SD = sqrt(sum(x_{i+1} - xbar)^2/n-1)$$
| ^
checkRd: (-1) sv.Rd:78: Lost braces; missing escapes or markup?
78 | $$SV = sqrt(sum(x_{i+1} - x_i)^2/n-1)$$
| ^
checkRd: (-1) sv.Rd:82: Lost braces; missing escapes or markup?
82 | $$SD = sqrt(sum(x_{i+1} - xbar)^2/n-1)$$
| ^
Flavors: r-devel-linux-x86_64-debian-clang, r-devel-linux-x86_64-debian-gcc, r-devel-linux-x86_64-fedora-clang, r-devel-linux-x86_64-fedora-gcc, r-prerel-macos-arm64, r-prerel-windows-x86_64, r-patched-linux-x86_64
Version: 2.1.0
Check: Rd files
Result: NOTE
checkRd: (-1) bp_rats.Rd:41: Escaped LaTeX specials: \&
Flavors: r-release-linux-x86_64, r-release-macos-arm64, r-release-macos-x86_64, r-release-windows-x86_64
Version: 2.1.0
Check: installed package size
Result: NOTE
installed size is 5.0Mb
sub-directories of 1Mb or more:
data 4.4Mb
Flavor: r-release-macos-x86_64