Last updated on 2023-06-10 16:53:31 CEST.
Flavor | Version | Tinstall | Tcheck | Ttotal | Status | Flags |
---|---|---|---|---|---|---|
r-devel-linux-x86_64-debian-clang | 2.0.2 | 92.24 | 80.37 | 172.61 | NOTE | |
r-devel-linux-x86_64-debian-gcc | 2.0.2 | 65.14 | 59.17 | 124.31 | NOTE | |
r-devel-linux-x86_64-fedora-clang | 2.0.2 | 237.05 | NOTE | |||
r-devel-linux-x86_64-fedora-gcc | 2.0.2 | 241.41 | NOTE | |||
r-devel-windows-x86_64 | 2.0.2 | 70.00 | 106.00 | 176.00 | NOTE | |
r-patched-linux-x86_64 | 2.0.2 | 51.99 | 72.98 | 124.97 | NOTE | |
r-release-linux-x86_64 | 2.0.2 | 54.11 | 72.11 | 126.22 | NOTE | |
r-release-macos-arm64 | 2.0.2 | 67.00 | NOTE | |||
r-release-macos-x86_64 | 2.0.2 | 109.00 | NOTE | |||
r-release-windows-x86_64 | 2.0.2 | 92.00 | 128.00 | 220.00 | NOTE | |
r-oldrel-macos-arm64 | 2.0.2 | 53.00 | NOTE | |||
r-oldrel-macos-x86_64 | 2.0.2 | 93.00 | NOTE | |||
r-oldrel-windows-x86_64 | 2.0.2 | 86.00 | 108.00 | 194.00 | OK |
Version: 2.0.2
Check: C++ specification
Result: NOTE
Specified C++11: please drop specification unless essential
Flavors: r-devel-linux-x86_64-debian-clang, r-devel-linux-x86_64-debian-gcc, r-devel-linux-x86_64-fedora-clang, r-devel-linux-x86_64-fedora-gcc, r-devel-windows-x86_64, r-patched-linux-x86_64, r-release-linux-x86_64, r-release-macos-arm64, r-release-macos-x86_64, r-release-windows-x86_64
Version: 2.0.2
Check: installed package size
Result: NOTE
installed size is 5.1Mb
sub-directories of 1Mb or more:
libs 4.7Mb
Flavors: r-release-macos-arm64, r-release-macos-x86_64, r-oldrel-macos-arm64, r-oldrel-macos-x86_64