Last updated on 2024-04-18 01:02:44 CEST.
Flavor | Version | Tinstall | Tcheck | Ttotal | Status | Flags |
---|---|---|---|---|---|---|
r-devel-linux-x86_64-debian-clang | 0.2.0 | 2.68 | 30.23 | 32.91 | OK | |
r-devel-linux-x86_64-debian-gcc | 0.2.0 | 1.99 | 23.90 | 25.89 | OK | |
r-devel-linux-x86_64-fedora-clang | 0.2.0 | 41.86 | NOTE | |||
r-devel-linux-x86_64-fedora-gcc | 0.2.0 | 39.91 | NOTE | |||
r-prerel-macos-arm64 | 0.2.0 | 19.00 | OK | |||
r-prerel-macos-x86_64 | 0.2.0 | 43.00 | OK | |||
r-prerel-windows-x86_64 | 0.2.0 | 4.00 | 44.00 | 48.00 | OK | |
r-patched-linux-x86_64 | 0.2.0 | 2.64 | 29.83 | 32.47 | OK | |
r-release-linux-x86_64 | 0.2.0 | 2.55 | 29.65 | 32.20 | OK | |
r-release-macos-arm64 | 0.2.0 | 26.00 | OK | |||
r-release-macos-x86_64 | 0.2.0 | 42.00 | OK | |||
r-release-windows-x86_64 | 0.2.0 | 4.00 | 47.00 | 51.00 | OK | |
r-oldrel-macos-arm64 | 0.2.0 | 26.00 | OK | |||
r-oldrel-windows-x86_64 | 0.2.0 | 4.00 | 50.00 | 54.00 | OK |
Version: 0.2.0
Check: data for non-ASCII characters
Result: NOTE
Note: found 4 marked UTF-8 strings
Flavors: r-devel-linux-x86_64-fedora-clang, r-devel-linux-x86_64-fedora-gcc