Last updated on 2024-03-28 23:55:02 CET.
Flavor | Version | Tinstall | Tcheck | Ttotal | Status | Flags |
---|---|---|---|---|---|---|
r-devel-linux-x86_64-debian-clang | 4.8.4 | 40.16 | 729.63 | 769.79 | OK | |
r-devel-linux-x86_64-debian-gcc | 4.8.4 | 25.45 | 533.91 | 559.36 | OK | |
r-devel-linux-x86_64-fedora-clang | 4.8.4 | 1013.39 | OK | |||
r-devel-linux-x86_64-fedora-gcc | 4.8.4 | 1015.31 | OK | |||
r-devel-windows-x86_64 | 4.8.4 | 32.00 | 567.00 | 599.00 | OK | |
r-patched-linux-x86_64 | 4.8.4 | 36.08 | 720.23 | 756.31 | OK | |
r-release-linux-x86_64 | 4.8.4 | 25.97 | 722.43 | 748.40 | OK | |
r-release-macos-arm64 | 4.8.4 | 10.00 | ERROR | |||
r-release-macos-x86_64 | 4.8.4 | 10.00 | ERROR | |||
r-release-windows-x86_64 | 4.8.4 | 44.00 | 675.00 | 719.00 | OK | |
r-oldrel-macos-arm64 | 4.8.4 | 223.00 | OK | |||
r-oldrel-windows-x86_64 | 4.8.4 | 45.00 | 671.00 | 716.00 | OK |
Version: 4.8.4
Check: package dependencies
Result: ERROR
Package required but not available: ‘phyloseq’
See section ‘The DESCRIPTION file’ in the ‘Writing R Extensions’
manual.
Flavors: r-release-macos-arm64, r-release-macos-x86_64