Last updated on 2023-06-08 01:02:24 CEST.
Flavor | Version | Tinstall | Tcheck | Ttotal | Status | Flags |
---|---|---|---|---|---|---|
r-devel-linux-x86_64-debian-clang | 0.8.4 | 148.34 | 131.66 | 280.00 | NOTE | |
r-devel-linux-x86_64-debian-gcc | 0.8.4 | 127.75 | 108.79 | 236.54 | NOTE | |
r-devel-linux-x86_64-fedora-clang | 0.8.4 | 332.40 | NOTE | |||
r-devel-linux-x86_64-fedora-gcc | 0.8.4 | 399.45 | NOTE | |||
r-devel-windows-x86_64 | 0.8.4 | 114.00 | 148.00 | 262.00 | NOTE | |
r-patched-linux-x86_64 | 0.8.4 | 88.68 | 139.86 | 228.54 | NOTE | |
r-release-linux-x86_64 | 0.8.4 | 95.79 | 137.76 | 233.55 | NOTE | |
r-release-macos-arm64 | 0.8.4 | 111.00 | NOTE | |||
r-release-macos-x86_64 | 0.8.4 | 169.00 | NOTE | |||
r-release-windows-x86_64 | 0.8.4 | 151.00 | 180.00 | 331.00 | NOTE | |
r-oldrel-macos-arm64 | 0.8.4 | 91.00 | NOTE | |||
r-oldrel-macos-x86_64 | 0.8.4 | 163.00 | NOTE | |||
r-oldrel-windows-x86_64 | 0.8.4 | 136.00 | 175.00 | 311.00 | NOTE |
Version: 0.8.4
Check: for GNU extensions in Makefiles
Result: NOTE
GNU make is a SystemRequirements.
Flavors: r-devel-linux-x86_64-debian-clang, r-devel-linux-x86_64-debian-gcc, r-devel-linux-x86_64-fedora-clang, r-devel-linux-x86_64-fedora-gcc, r-devel-windows-x86_64, r-patched-linux-x86_64, r-release-linux-x86_64, r-release-macos-arm64, r-release-macos-x86_64, r-release-windows-x86_64, r-oldrel-macos-arm64, r-oldrel-macos-x86_64, r-oldrel-windows-x86_64
Version: 0.8.4
Check: installed package size
Result: NOTE
installed size is 34.9Mb
sub-directories of 1Mb or more:
libs 34.7Mb
Flavors: r-release-macos-arm64, r-release-macos-x86_64, r-oldrel-macos-arm64, r-oldrel-macos-x86_64