CRAN Package Check Results for Package brew

Last updated on 2021-10-17 04:50:13 CEST.

Flavor Version Tinstall Tcheck Ttotal Status Flags
r-devel-linux-x86_64-debian-clang 1.0-6 2.05 20.02 22.07 NOTE
r-devel-linux-x86_64-debian-gcc 1.0-6 1.57 15.80 17.37 NOTE
r-devel-linux-x86_64-fedora-clang 1.0-6 37.68 NOTE
r-devel-linux-x86_64-fedora-gcc 1.0-6 26.78 NOTE
r-devel-windows-x86_64 1.0-6 3.00 34.00 37.00 OK
r-devel-windows-x86_64-gcc10-UCRT 1.0-6 OK
r-patched-linux-x86_64 1.0-6 1.87 19.62 21.49 NOTE
r-patched-solaris-x86 1.0-6 42.30 NOTE
r-release-linux-x86_64 1.0-6 1.91 19.48 21.39 NOTE
r-release-macos-arm64 1.0-6 OK
r-release-macos-x86_64 1.0-6 OK
r-release-windows-ix86+x86_64 1.0-6 5.00 27.00 32.00 OK
r-oldrel-macos-x86_64 1.0-6 OK
r-oldrel-windows-ix86+x86_64 1.0-6 4.00 23.00 27.00 OK

Check Details

Version: 1.0-6
Check: for non-standard things in the check directory
Result: NOTE
    Found the following files/directories:
     'brew-test-1-1.eps' 'brew-test-1-2.eps' 'brew-test-1.tex'
     'brew-test-2.html'
Flavors: r-devel-linux-x86_64-debian-clang, r-devel-linux-x86_64-debian-gcc, r-devel-linux-x86_64-fedora-clang, r-devel-linux-x86_64-fedora-gcc, r-patched-linux-x86_64, r-patched-solaris-x86, r-release-linux-x86_64