Last updated on 2023-09-21 17:55:39 CEST.
Flavor | Version | Tinstall | Tcheck | Ttotal | Status | Flags |
---|---|---|---|---|---|---|
r-devel-linux-x86_64-debian-clang | 0.9 | 11.83 | 129.16 | 140.99 | OK | |
r-devel-linux-x86_64-debian-gcc | 0.9 | 10.79 | 98.81 | 109.60 | OK | |
r-devel-linux-x86_64-fedora-clang | 0.9 | 174.77 | NOTE | |||
r-devel-linux-x86_64-fedora-gcc | 0.9 | 183.00 | OK | |||
r-devel-windows-x86_64 | 0.9 | 13.00 | 116.00 | 129.00 | OK | |
r-patched-linux-x86_64 | 0.9 | 12.79 | 125.37 | 138.16 | OK | |
r-release-linux-x86_64 | 0.9 | 13.29 | 126.52 | 139.81 | OK | |
r-release-macos-arm64 | 0.9 | 65.00 | OK | |||
r-release-macos-x86_64 | 0.9 | 114.00 | OK | |||
r-release-windows-x86_64 | 0.9 | 18.00 | 139.00 | 157.00 | OK | |
r-oldrel-macos-arm64 | 0.9 | 56.00 | OK | |||
r-oldrel-macos-x86_64 | 0.9 | 67.00 | OK | |||
r-oldrel-windows-x86_64 | 0.9 | 18.00 | 135.00 | 153.00 | OK |
Version: 0.9
Check: Rd cross-references
Result: NOTE
Undeclared package ‘brglm’ in Rd xrefs
Flavor: r-devel-linux-x86_64-fedora-clang