CRAN Package Check Results for Package brickr

Last updated on 2021-10-24 12:58:56 CEST.

Flavor Version Tinstall Tcheck Ttotal Status Flags
r-devel-linux-x86_64-debian-clang 0.3.5 7.89 598.09 605.98 OK
r-devel-linux-x86_64-debian-gcc 0.3.5 5.58 440.91 446.49 OK
r-devel-linux-x86_64-fedora-clang 0.3.5 709.10 NOTE
r-devel-linux-x86_64-fedora-gcc 0.3.5 714.16 NOTE
r-devel-windows-x86_64 0.3.5 11.00 733.00 744.00 OK
r-devel-windows-x86_64-gcc10-UCRT 0.3.5 NOTE
r-patched-linux-x86_64 0.3.5 6.81 528.76 535.57 OK
r-patched-solaris-x86 0.3.5 806.40 NOTE
r-release-linux-x86_64 0.3.5 4.11 524.34 528.45 OK
r-release-macos-arm64 0.3.5 NOTE
r-release-macos-x86_64 0.3.5 NOTE
r-release-windows-ix86+x86_64 0.3.5 10.00 628.00 638.00 OK
r-oldrel-macos-x86_64 0.3.5 NOTE
r-oldrel-windows-ix86+x86_64 0.3.5 14.00 658.00 672.00 OK

Check Details

Version: 0.3.5
Check: dependencies in R code
Result: NOTE
    Namespace in Imports field not imported from: ‘scales’
     All declared Imports should be used.
Flavors: r-devel-linux-x86_64-fedora-clang, r-devel-linux-x86_64-fedora-gcc, r-devel-windows-x86_64-gcc10-UCRT, r-patched-solaris-x86, r-release-macos-arm64, r-release-macos-x86_64, r-oldrel-macos-x86_64