CRAN Package Check Results for Package briqr

Last updated on 2023-05-28 23:13:54 CEST.

Flavor Version Tinstall Tcheck Ttotal Status Flags
r-devel-linux-x86_64-debian-clang 0.1.0 2.23 23.49 25.72 NOTE
r-devel-linux-x86_64-debian-gcc 0.1.0 1.68 18.69 20.37 NOTE
r-devel-linux-x86_64-fedora-clang 0.1.0 32.80 NOTE
r-devel-linux-x86_64-fedora-gcc 0.1.0 31.10 NOTE
r-devel-windows-x86_64 0.1.0 4.00 40.00 44.00 NOTE
r-patched-linux-x86_64 0.1.0 2.06 22.62 24.68 NOTE
r-release-linux-x86_64 0.1.0 1.95 22.74 24.69 NOTE
r-release-macos-arm64 0.1.0 17.00 NOTE
r-release-macos-x86_64 0.1.0 21.00 NOTE
r-release-windows-x86_64 0.1.0 4.00 42.00 46.00 NOTE
r-oldrel-macos-arm64 0.1.0 16.00 NOTE
r-oldrel-macos-x86_64 0.1.0 27.00 NOTE
r-oldrel-windows-x86_64 0.1.0 4.00 45.00 49.00 NOTE

Check Details

Version: 0.1.0
Check: LazyData
Result: NOTE
     'LazyData' is specified without a 'data' directory
Flavors: r-devel-linux-x86_64-debian-clang, r-devel-linux-x86_64-debian-gcc, r-devel-linux-x86_64-fedora-clang, r-devel-linux-x86_64-fedora-gcc, r-devel-windows-x86_64, r-patched-linux-x86_64, r-release-linux-x86_64, r-release-macos-arm64, r-release-macos-x86_64, r-release-windows-x86_64, r-oldrel-macos-arm64, r-oldrel-macos-x86_64, r-oldrel-windows-x86_64