CRAN Package Check Results for Package brms

Last updated on 2021-09-17 16:50:04 CEST.

Flavor Version Tinstall Tcheck Ttotal Status Flags
r-devel-linux-x86_64-debian-clang 2.16.1 71.95 535.26 607.21 NOTE
r-devel-linux-x86_64-debian-gcc 2.16.1 57.14 387.01 444.15 NOTE
r-devel-linux-x86_64-fedora-clang 2.16.1 742.13 NOTE
r-devel-linux-x86_64-fedora-gcc 2.16.1 700.33 NOTE
r-devel-windows-x86_64 2.16.1 76.00 314.00 390.00 NOTE --no-examples --no-tests --no-vignettes
r-devel-windows-x86_64-gcc10-UCRT 2.16.1 NOTE
r-patched-linux-x86_64 2.16.1 76.97 549.74 626.71 NOTE
r-patched-solaris-x86 2.16.1 986.40 NOTE
r-release-linux-x86_64 2.16.1 63.09 549.74 612.83 NOTE
r-release-macos-arm64 2.16.1 NOTE
r-release-macos-x86_64 2.16.1 NOTE
r-release-windows-ix86+x86_64 2.16.1 127.00 226.00 353.00 NOTE --no-examples --no-tests --no-vignettes
r-oldrel-macos-x86_64 2.16.1 NOTE
r-oldrel-windows-ix86+x86_64 2.16.1 129.00 225.00 354.00 NOTE --no-examples --no-tests --no-vignettes

Check Details

Version: 2.16.1
Check: package dependencies
Result: NOTE
    Package suggested but not available for checking: 'cmdstanr'
Flavors: r-devel-linux-x86_64-debian-clang, r-devel-linux-x86_64-debian-gcc, r-devel-linux-x86_64-fedora-clang, r-devel-linux-x86_64-fedora-gcc, r-devel-windows-x86_64-gcc10-UCRT, r-patched-linux-x86_64, r-patched-solaris-x86, r-release-linux-x86_64, r-release-macos-arm64, r-release-macos-x86_64, r-oldrel-macos-x86_64

Version: 2.16.1
Check: installed package size
Result: NOTE
     installed size is 7.7Mb
     sub-directories of 1Mb or more:
     R 4.1Mb
     doc 2.4Mb
Flavors: r-devel-linux-x86_64-fedora-clang, r-patched-solaris-x86, r-release-macos-arm64, r-release-macos-x86_64, r-oldrel-macos-x86_64

Version: 2.16.1
Flags: --no-examples --no-tests --no-vignettes
Check: package dependencies
Result: NOTE
    Package suggested but not available for checking: 'cmdstanr'
Flavors: r-devel-windows-x86_64, r-release-windows-ix86+x86_64, r-oldrel-windows-ix86+x86_64

Version: 2.16.1
Flags: --no-examples --no-tests --no-vignettes
Check: installed package size
Result: NOTE
     installed size is 7.6Mb
     sub-directories of 1Mb or more:
     R 4.1Mb
     doc 2.4Mb
Flavors: r-devel-windows-x86_64, r-release-windows-ix86+x86_64, r-oldrel-windows-ix86+x86_64