CRAN Package Check Results for Package broom.helpers

Last updated on 2021-09-23 00:48:32 CEST.

Flavor Version Tinstall Tcheck Ttotal Status Flags
r-devel-linux-x86_64-debian-clang 1.3.0 7.66 292.32 299.98 OK
r-devel-linux-x86_64-debian-gcc 1.3.0 5.20 210.75 215.95 OK
r-devel-linux-x86_64-fedora-clang 1.3.0 360.68 OK
r-devel-linux-x86_64-fedora-gcc 1.3.0 354.55 OK
r-devel-windows-x86_64 1.3.0 9.00 249.00 258.00 OK
r-devel-windows-x86_64-gcc10-UCRT 1.3.0 ERROR
r-patched-linux-x86_64 1.3.0 8.22 269.14 277.36 OK
r-patched-solaris-x86 1.3.0 413.70 OK
r-release-linux-x86_64 1.3.0 7.20 265.33 272.53 OK
r-release-macos-arm64 1.3.0 OK
r-release-macos-x86_64 1.3.0 OK
r-release-windows-ix86+x86_64 1.3.0 17.00 267.00 284.00 OK
r-oldrel-macos-x86_64 1.3.0 OK
r-oldrel-windows-ix86+x86_64 1.3.0 12.00 257.00 269.00 OK

Check Details

Version: 1.3.0
Check: package dependencies
Result: NOTE
    Packages suggested but not available for checking:
     'brms', 'rstanarm', 'spelling'
Flavor: r-devel-windows-x86_64-gcc10-UCRT

Version: 1.3.0
Check: PDF version of manual
Result: WARN
    LaTeX errors when creating PDF version.
    This typically indicates Rd problems.
Flavor: r-devel-windows-x86_64-gcc10-UCRT

Version: 1.3.0
Check: PDF version of manual without hyperrefs or index
Result: ERROR
    Re-running with no redirection of stdout/stderr.
Flavor: r-devel-windows-x86_64-gcc10-UCRT