Last updated on 2024-07-18 00:54:49 CEST.
Flavor | Version | Tinstall | Tcheck | Ttotal | Status | Flags |
---|---|---|---|---|---|---|
r-devel-linux-x86_64-debian-clang | 1.15.0 | 10.34 | 276.80 | 287.14 | NOTE | |
r-devel-linux-x86_64-debian-gcc | 1.15.0 | 8.62 | 199.46 | 208.08 | NOTE | |
r-devel-linux-x86_64-fedora-clang | 1.15.0 | 364.00 | NOTE | |||
r-devel-linux-x86_64-fedora-gcc | 1.15.0 | 391.86 | NOTE | |||
r-devel-windows-x86_64 | 1.15.0 | 10.00 | 208.00 | 218.00 | OK | |
r-patched-linux-x86_64 | 1.15.0 | 7.97 | 259.01 | 266.98 | NOTE | |
r-release-linux-x86_64 | 1.15.0 | 7.23 | 263.27 | 270.50 | NOTE | |
r-release-macos-arm64 | 1.15.0 | 114.00 | OK | |||
r-release-macos-x86_64 | 1.15.0 | 171.00 | OK | |||
r-release-windows-x86_64 | 1.15.0 | 10.00 | 206.00 | 216.00 | OK | |
r-oldrel-macos-arm64 | 1.15.0 | 105.00 | OK | |||
r-oldrel-macos-x86_64 | 1.15.0 | 268.00 | OK | |||
r-oldrel-windows-x86_64 | 1.15.0 | 13.00 | 274.00 | 287.00 | OK |
Version: 1.15.0
Check: package dependencies
Result: NOTE
Package suggested but not available for checking: ‘biglmm’
Flavors: r-devel-linux-x86_64-debian-clang, r-devel-linux-x86_64-debian-gcc, r-devel-linux-x86_64-fedora-clang, r-devel-linux-x86_64-fedora-gcc, r-patched-linux-x86_64, r-release-linux-x86_64