Last updated on 2024-04-23 08:57:40 CEST.
Flavor | Version | Tinstall | Tcheck | Ttotal | Status | Flags |
---|---|---|---|---|---|---|
r-devel-linux-x86_64-debian-clang | 0.2.9.5 | 9.63 | 187.97 | 197.60 | NOTE | |
r-devel-linux-x86_64-debian-gcc | 0.2.9.5 | 8.42 | 139.11 | 147.53 | NOTE | |
r-devel-linux-x86_64-fedora-clang | 0.2.9.5 | 273.15 | NOTE | |||
r-devel-linux-x86_64-fedora-gcc | 0.2.9.5 | 242.92 | NOTE | |||
r-prerel-macos-arm64 | 0.2.9.5 | 68.00 | NOTE | |||
r-prerel-macos-x86_64 | 0.2.9.5 | 186.00 | NOTE | |||
r-prerel-windows-x86_64 | 0.2.9.5 | 9.00 | 154.00 | 163.00 | NOTE | |
r-patched-linux-x86_64 | 0.2.9.5 | 9.74 | 183.56 | 193.30 | NOTE | |
r-release-linux-x86_64 | 0.2.9.5 | 6.84 | 183.84 | 190.68 | NOTE | |
r-release-macos-arm64 | 0.2.9.5 | 72.00 | NOTE | |||
r-release-macos-x86_64 | 0.2.9.5 | 160.00 | NOTE | |||
r-release-windows-x86_64 | 0.2.9.5 | 14.00 | 200.00 | 214.00 | NOTE | |
r-oldrel-macos-arm64 | 0.2.9.5 | 63.00 | NOTE | |||
r-oldrel-windows-x86_64 | 0.2.9.5 | 13.00 | 202.00 | 215.00 | NOTE |
Version: 0.2.9.5
Check: package dependencies
Result: NOTE
Packages suggested but not available for checking: 'dotwhisker', 'glmmADMB'
Flavors: r-devel-linux-x86_64-debian-clang, r-devel-linux-x86_64-debian-gcc, r-devel-linux-x86_64-fedora-clang, r-devel-linux-x86_64-fedora-gcc, r-patched-linux-x86_64, r-release-linux-x86_64
Version: 0.2.9.5
Check: installed package size
Result: NOTE
installed size is 5.5Mb
sub-directories of 1Mb or more:
extdata 5.0Mb
Flavors: r-devel-linux-x86_64-fedora-clang, r-prerel-macos-arm64, r-prerel-macos-x86_64, r-prerel-windows-x86_64, r-release-macos-arm64, r-release-macos-x86_64, r-release-windows-x86_64, r-oldrel-macos-arm64, r-oldrel-windows-x86_64
Version: 0.2.9.5
Check: package dependencies
Result: NOTE
Package suggested but not available for checking: ‘glmmADMB’
Flavors: r-prerel-macos-arm64, r-prerel-macos-x86_64, r-prerel-windows-x86_64, r-release-macos-arm64, r-release-macos-x86_64, r-release-windows-x86_64, r-oldrel-macos-arm64, r-oldrel-windows-x86_64