CRAN Package Check Results for Package broomExtra

Last updated on 2021-09-21 04:54:56 CEST.

Flavor Version Tinstall Tcheck Ttotal Status Flags
r-devel-linux-x86_64-debian-clang 4.2.3 5.54 107.42 112.96 OK
r-devel-linux-x86_64-debian-gcc 4.2.3 4.59 78.51 83.10 OK
r-devel-linux-x86_64-fedora-clang 4.2.3 140.28 OK
r-devel-linux-x86_64-fedora-gcc 4.2.3 129.79 OK
r-devel-windows-x86_64 4.2.3 10.00 90.00 100.00 OK
r-devel-windows-x86_64-gcc10-UCRT 4.2.3 ERROR
r-patched-linux-x86_64 4.2.3 5.71 100.21 105.92 OK
r-patched-solaris-x86 4.2.3 185.50 OK
r-release-linux-x86_64 4.2.3 5.34 100.02 105.36 OK
r-release-macos-arm64 4.2.3 OK
r-release-macos-x86_64 4.2.3 OK
r-release-windows-ix86+x86_64 4.2.3 25.00 91.00 116.00 OK
r-oldrel-macos-x86_64 4.2.3 OK
r-oldrel-windows-ix86+x86_64 4.2.3 22.00 126.00 148.00 OK

Check Details

Version: 4.2.3
Check: whether package can be installed
Result: WARN
    Found the following significant warnings:
     WARNING: installation-time patches will not be applied, could not get the patches index
Flavor: r-devel-windows-x86_64-gcc10-UCRT

Version: 4.2.3
Check: PDF version of manual
Result: WARN
    LaTeX errors when creating PDF version.
    This typically indicates Rd problems.
Flavor: r-devel-windows-x86_64-gcc10-UCRT

Version: 4.2.3
Check: PDF version of manual without hyperrefs or index
Result: ERROR
    Re-running with no redirection of stdout/stderr.
Flavor: r-devel-windows-x86_64-gcc10-UCRT