Last updated on 2024-04-25 00:55:49 CEST.
Flavor | Version | Tinstall | Tcheck | Ttotal | Status | Flags |
---|---|---|---|---|---|---|
r-devel-linux-x86_64-debian-clang | 0.3.0 | 38.31 | 265.79 | 304.10 | OK | |
r-devel-linux-x86_64-debian-gcc | 0.3.0 | 38.47 | 178.88 | 217.35 | OK | |
r-devel-linux-x86_64-fedora-clang | 0.3.0 | 366.28 | OK | |||
r-devel-linux-x86_64-fedora-gcc | 0.3.0 | 365.66 | OK | |||
r-devel-windows-x86_64 | 0.3.0 | 41.00 | 164.00 | 205.00 | OK | |
r-patched-linux-x86_64 | 0.3.0 | 36.51 | 247.22 | 283.73 | OK | |
r-release-linux-x86_64 | 0.3.0 | 35.51 | 244.23 | 279.74 | OK | |
r-release-macos-arm64 | 0.3.0 | 118.00 | OK | |||
r-release-windows-x86_64 | 0.3.0 | 40.00 | 170.00 | 210.00 | OK | |
r-oldrel-macos-arm64 | 0.3.0 | 138.00 | NOTE | |||
r-oldrel-macos-x86_64 | 0.3.0 | 203.00 | OK | |||
r-oldrel-windows-x86_64 | 0.3.0 | 48.00 | 215.00 | 263.00 | OK |
Version: 0.3.0
Check: installed package size
Result: NOTE
installed size is 5.1Mb
sub-directories of 1Mb or more:
data 4.9Mb
Flavor: r-oldrel-macos-arm64