Last updated on 2023-09-28 16:54:13 CEST.
Flavor | Version | Tinstall | Tcheck | Ttotal | Status | Flags |
---|---|---|---|---|---|---|
r-devel-linux-x86_64-debian-clang | 0.1.2 | 36.25 | 310.62 | 346.87 | NOTE | |
r-devel-linux-x86_64-debian-gcc | 0.1.2 | 24.23 | 222.63 | 246.86 | NOTE | |
r-devel-linux-x86_64-fedora-clang | 0.1.2 | 440.26 | NOTE | |||
r-devel-linux-x86_64-fedora-gcc | 0.1.2 | 424.04 | NOTE | |||
r-devel-windows-x86_64 | 0.1.2 | 29.00 | 213.00 | 242.00 | NOTE | |
r-patched-linux-x86_64 | 0.1.2 | 0.29 | 1.64 | 1.93 | ERROR | |
r-release-linux-x86_64 | 0.1.2 | 0.30 | 1.64 | 1.94 | ERROR | |
r-release-macos-arm64 | 0.1.2 | 75.00 | NOTE | |||
r-release-macos-x86_64 | 0.1.2 | 127.00 | NOTE | |||
r-release-windows-x86_64 | 0.1.2 | 39.00 | 268.00 | 307.00 | NOTE | |
r-oldrel-macos-arm64 | 0.1.2 | 76.00 | NOTE | |||
r-oldrel-macos-x86_64 | 0.1.2 | 117.00 | NOTE | |||
r-oldrel-windows-x86_64 | 0.1.2 | 40.00 | 257.00 | 297.00 | NOTE |
Version: 0.1.2
Check: LazyData
Result: NOTE
'LazyData' is specified without a 'data' directory
Flavors: r-devel-linux-x86_64-debian-clang, r-devel-linux-x86_64-debian-gcc, r-devel-linux-x86_64-fedora-clang, r-devel-linux-x86_64-fedora-gcc, r-devel-windows-x86_64, r-release-macos-arm64, r-release-macos-x86_64, r-release-windows-x86_64, r-oldrel-macos-arm64, r-oldrel-macos-x86_64, r-oldrel-windows-x86_64
Version: 0.1.2
Check: package dependencies
Result: ERROR
Package required but not available: ‘blavaan’
See section ‘The DESCRIPTION file’ in the ‘Writing R Extensions’
manual.
Flavors: r-patched-linux-x86_64, r-release-linux-x86_64