CRAN Package Check Results for Package brxx

Last updated on 2021-10-17 16:49:18 CEST.

Flavor Version Tinstall Tcheck Ttotal Status Flags
r-devel-linux-x86_64-debian-clang 0.1.2 20.46 175.07 195.53 NOTE
r-devel-linux-x86_64-debian-gcc 0.1.2 16.64 129.13 145.77 NOTE
r-devel-linux-x86_64-fedora-clang 0.1.2 239.70 NOTE
r-devel-linux-x86_64-fedora-gcc 0.1.2 223.64 NOTE
r-devel-windows-x86_64 0.1.2 35.00 204.00 239.00 NOTE
r-devel-windows-x86_64-gcc10-UCRT 0.1.2 NOTE
r-patched-linux-x86_64 0.1.2 20.17 163.01 183.18 NOTE
r-patched-solaris-x86 0.1.2 325.80 NOTE
r-release-linux-x86_64 0.1.2 19.33 163.92 183.25 NOTE
r-release-macos-arm64 0.1.2 NOTE
r-release-macos-x86_64 0.1.2 NOTE
r-release-windows-ix86+x86_64 0.1.2 49.00 208.00 257.00 NOTE
r-oldrel-macos-x86_64 0.1.2 OK
r-oldrel-windows-ix86+x86_64 0.1.2 50.00 207.00 257.00 OK

Check Details

Version: 0.1.2
Check: LazyData
Result: NOTE
     'LazyData' is specified without a 'data' directory
Flavors: r-devel-linux-x86_64-debian-clang, r-devel-linux-x86_64-debian-gcc, r-devel-linux-x86_64-fedora-clang, r-devel-linux-x86_64-fedora-gcc, r-devel-windows-x86_64, r-devel-windows-x86_64-gcc10-UCRT, r-patched-linux-x86_64, r-patched-solaris-x86, r-release-linux-x86_64, r-release-macos-arm64, r-release-macos-x86_64, r-release-windows-ix86+x86_64